Last updated on 2025-11-03 21:50:39 CET.
| Flavor | Version | Tinstall | Tcheck | Ttotal | Status | Flags | 
|---|---|---|---|---|---|---|
| r-devel-linux-x86_64-debian-clang | 1.1.3 | 7.44 | 111.98 | 119.42 | OK | |
| r-devel-linux-x86_64-debian-gcc | 1.1.3 | 6.74 | 146.07 | 152.81 | OK | |
| r-devel-linux-x86_64-fedora-clang | 1.1.3 | 17.00 | 126.84 | 143.84 | OK | |
| r-devel-linux-x86_64-fedora-gcc | 1.1.3 | 16.00 | 169.78 | 185.78 | OK | |
| r-devel-windows-x86_64 | 1.1.3 | 12.00 | 227.00 | 239.00 | OK | |
| r-patched-linux-x86_64 | 1.1.3 | 7.78 | 108.17 | 115.95 | OK | |
| r-release-linux-x86_64 | 1.1.3 | 8.25 | 107.91 | 116.16 | OK | |
| r-release-macos-arm64 | 1.1.3 | 5.00 | 49.00 | 54.00 | OK | |
| r-release-macos-x86_64 | 1.1.3 | 9.00 | 91.00 | 100.00 | OK | |
| r-release-windows-x86_64 | 1.1.3 | 11.00 | 217.00 | 228.00 | OK | |
| r-oldrel-macos-arm64 | 1.1.3 | 5.00 | 54.00 | 59.00 | NOTE | |
| r-oldrel-macos-x86_64 | 1.1.3 | 13.00 | 95.00 | 108.00 | NOTE | |
| r-oldrel-windows-x86_64 | 1.1.3 | 15.00 | 172.00 | 187.00 | OK | 
Version: 1.1.3
Check: installed package size
Result: NOTE
    installed size is  6.0Mb
    sub-directories of 1Mb or more:
      data   4.1Mb
      doc    1.0Mb
Flavors: r-oldrel-macos-arm64, r-oldrel-macos-x86_64