Last updated on 2025-11-02 23:49:54 CET.
| Flavor | Version | Tinstall | Tcheck | Ttotal | Status | Flags |
|---|---|---|---|---|---|---|
| r-devel-linux-x86_64-debian-clang | 0.1.41 | 139.14 | 32.36 | 171.50 | OK | |
| r-devel-linux-x86_64-debian-gcc | 0.1.41 | 80.89 | 25.90 | 106.79 | OK | |
| r-devel-linux-x86_64-fedora-clang | 0.1.41 | 206.00 | 134.48 | 340.48 | OK | |
| r-devel-linux-x86_64-fedora-gcc | 0.1.41 | 189.00 | 122.38 | 311.38 | OK | |
| r-devel-windows-x86_64 | 0.1.41 | 158.00 | 71.00 | 229.00 | OK | |
| r-patched-linux-x86_64 | 0.1.41 | 133.07 | 29.87 | 162.94 | OK | |
| r-release-linux-x86_64 | 0.1.41 | 133.15 | 29.58 | 162.73 | OK | |
| r-release-macos-arm64 | 0.1.41 | 44.00 | 27.00 | 71.00 | OK | |
| r-release-macos-x86_64 | 0.1.41 | 39.00 | 49.00 | 88.00 | OK | |
| r-release-windows-x86_64 | 0.1.41 | 145.00 | 72.00 | 217.00 | OK | |
| r-oldrel-macos-arm64 | 0.1.41 | 59.00 | 70.00 | 129.00 | NOTE | |
| r-oldrel-macos-x86_64 | 0.1.41 | 38.00 | 70.00 | 108.00 | NOTE | |
| r-oldrel-windows-x86_64 | 0.1.41 | 177.00 | 87.00 | 264.00 | OK |
Version: 0.1.41
Check: installed package size
Result: NOTE
installed size is 7.4Mb
sub-directories of 1Mb or more:
libs 7.1Mb
Flavors: r-oldrel-macos-arm64, r-oldrel-macos-x86_64