Last updated on 2025-04-29 21:50:05 CEST.
Flavor | Version | Tinstall | Tcheck | Ttotal | Status | Flags |
---|---|---|---|---|---|---|
r-devel-linux-x86_64-debian-clang | 0.4.1 | 14.31 | 74.52 | 88.83 | NOTE | |
r-devel-linux-x86_64-debian-gcc | 0.4.1 | 10.88 | 53.78 | 64.66 | NOTE | |
r-devel-linux-x86_64-fedora-clang | 0.4.1 | 133.42 | NOTE | |||
r-devel-linux-x86_64-fedora-gcc | 0.4.1 | 144.32 | NOTE | |||
r-devel-windows-x86_64 | 0.4.1 | 21.00 | 226.00 | 247.00 | NOTE | |
r-patched-linux-x86_64 | 0.4.1 | 15.58 | 71.25 | 86.83 | NOTE | |
r-release-linux-x86_64 | 0.4.1 | 16.29 | 71.05 | 87.34 | NOTE | |
r-release-macos-arm64 | 0.4.1 | 73.00 | NOTE | |||
r-release-macos-x86_64 | 0.4.1 | 91.00 | NOTE | |||
r-release-windows-x86_64 | 0.4.1 | 19.00 | 214.00 | 233.00 | NOTE | |
r-oldrel-macos-arm64 | 0.4.1 | 52.00 | NOTE | |||
r-oldrel-macos-x86_64 | 0.4.1 | 74.00 | NOTE | |||
r-oldrel-windows-x86_64 | 0.4.1 | 22.00 | 129.00 | 151.00 | NOTE |
Version: 0.4.1
Check: CRAN incoming feasibility
Result: NOTE
Maintainer: ‘Raoul Wadhwa <raoulwadhwa@gmail.com>’
Package CITATION file contains call(s) to old-style citEntry(). Please
use bibentry() instead.
Flavors: r-devel-linux-x86_64-debian-clang, r-devel-linux-x86_64-debian-gcc
Version: 0.4.1
Check: C++ specification
Result: NOTE
Specified C++11: please drop specification unless essential
Flavors: r-devel-linux-x86_64-debian-clang, r-devel-linux-x86_64-debian-gcc, r-devel-linux-x86_64-fedora-clang, r-devel-linux-x86_64-fedora-gcc, r-devel-windows-x86_64, r-patched-linux-x86_64, r-release-linux-x86_64, r-release-macos-arm64, r-release-macos-x86_64, r-release-windows-x86_64, r-oldrel-macos-arm64, r-oldrel-macos-x86_64, r-oldrel-windows-x86_64