CRAN Package Check Results for Package SynthCast

Last updated on 2022-09-27 21:54:03 CEST.

Flavor Version Tinstall Tcheck Ttotal Status Flags
r-devel-linux-x86_64-debian-clang 0.2.1 7.27 135.45 142.72 OK
r-devel-linux-x86_64-debian-gcc 0.2.1 6.53 98.26 104.79 OK
r-devel-linux-x86_64-fedora-clang 0.2.1 181.96 OK
r-devel-linux-x86_64-fedora-gcc 0.2.1 182.49 OK
r-devel-windows-x86_64 0.2.1 17.00 153.00 170.00 OK
r-patched-linux-x86_64 0.2.1 7.58 126.02 133.60 OK
r-release-linux-x86_64 0.2.1 5.98 123.88 129.86 OK
r-release-macos-arm64 0.2.1 44.00 OK
r-release-macos-x86_64 0.2.1 8.00 ERROR
r-release-windows-x86_64 0.2.1 14.00 161.00 175.00 OK
r-oldrel-macos-arm64 0.2.1 37.00 OK
r-oldrel-macos-x86_64 0.2.1 60.00 OK
r-oldrel-windows-ix86+x86_64 0.2.1 18.00 170.00 188.00 OK

Check Details

Version: 0.2.1
Check: package dependencies
Result: ERROR
    Package required but not available: ‘Synth’
    
    See section ‘The DESCRIPTION file’ in the ‘Writing R Extensions’
    manual.
Flavor: r-release-macos-x86_64