Last updated on 2025-11-23 20:49:04 CET.
| Flavor | Version | Tinstall | Tcheck | Ttotal | Status | Flags |
|---|---|---|---|---|---|---|
| r-devel-linux-x86_64-debian-clang | 1.0.2 | 2.28 | 26.61 | 28.89 | NOTE | |
| r-devel-linux-x86_64-debian-gcc | 1.0.2 | 1.79 | 21.66 | 23.45 | NOTE | |
| r-devel-linux-x86_64-fedora-clang | 1.0.2 | 43.53 | OK | |||
| r-devel-windows-x86_64 | 1.0.2 | 7.00 | 46.00 | 53.00 | OK | |
| r-patched-linux-x86_64 | 1.0.2 | 2.28 | 24.80 | 27.08 | OK | |
| r-release-linux-x86_64 | 1.0.2 | 2.27 | 24.91 | 27.18 | OK | |
| r-release-macos-arm64 | 1.0.2 | OK | ||||
| r-release-macos-x86_64 | 1.0.2 | 2.00 | 37.00 | 39.00 | OK | |
| r-release-windows-x86_64 | 1.0.2 | 5.00 | 65.00 | 70.00 | OK | |
| r-oldrel-macos-arm64 | 1.0.2 | NOTE | ||||
| r-oldrel-macos-x86_64 | 1.0.2 | 2.00 | 33.00 | 35.00 | NOTE | |
| r-oldrel-windows-x86_64 | 1.0.2 | 4.00 | 52.00 | 56.00 | NOTE |
Version: 1.0.2
Check: CRAN incoming feasibility
Result: NOTE
Maintainer: ‘Merlin Kopfmann <mghncd+cran@posteo.jp>’
No Authors@R field in DESCRIPTION.
Please add one, modifying
Authors@R: person(given = "Merlin",
family = "Kopfmann",
role = c("aut", "cre"),
email = "mghncd+cran@posteo.jp")
as necessary.
Flavors: r-devel-linux-x86_64-debian-clang, r-devel-linux-x86_64-debian-gcc
Version: 1.0.2
Check: LazyData
Result: NOTE
'LazyData' is specified without a 'data' directory
Flavors: r-oldrel-macos-arm64, r-oldrel-macos-x86_64, r-oldrel-windows-x86_64