Last updated on 2024-04-23 20:52:20 CEST.
Flavor | Version | Tinstall | Tcheck | Ttotal | Status | Flags |
---|---|---|---|---|---|---|
r-devel-linux-x86_64-debian-clang | 1.1-9.7 | 7.44 | 30.79 | 38.23 | NOTE | |
r-devel-linux-x86_64-debian-gcc | 1.1-9.7 | 6.15 | 23.01 | 29.16 | NOTE | |
r-devel-linux-x86_64-fedora-clang | 1.1-9.7 | 47.90 | NOTE | |||
r-devel-linux-x86_64-fedora-gcc | 1.1-9.7 | 49.33 | NOTE | |||
r-prerel-macos-arm64 | 1.1-9.7 | 19.00 | NOTE | |||
r-prerel-windows-x86_64 | 1.1-9.7 | 9.00 | 51.00 | 60.00 | NOTE | |
r-patched-linux-x86_64 | 1.1-9.7 | 9.22 | 29.89 | 39.11 | NOTE | |
r-release-linux-x86_64 | 1.1-9.7 | 6.46 | 29.89 | 36.35 | NOTE | |
r-release-macos-arm64 | 1.1-9.7 | 19.00 | NOTE | |||
r-release-macos-x86_64 | 1.1-9.7 | 28.00 | NOTE | |||
r-release-windows-x86_64 | 1.1-9.7 | 11.00 | 54.00 | 65.00 | NOTE | |
r-oldrel-macos-arm64 | 1.1-9.7 | 18.00 | OK | |||
r-oldrel-windows-x86_64 | 1.1-9.7 | 11.00 | 55.00 | 66.00 | OK |
Version: 1.1-9.7
Check: C++ specification
Result: NOTE
Specified C++11: please drop specification unless essential
Flavors: r-devel-linux-x86_64-debian-clang, r-devel-linux-x86_64-debian-gcc, r-devel-linux-x86_64-fedora-clang, r-devel-linux-x86_64-fedora-gcc, r-prerel-macos-arm64, r-prerel-windows-x86_64, r-patched-linux-x86_64, r-release-linux-x86_64, r-release-macos-arm64, r-release-macos-x86_64, r-release-windows-x86_64