CRAN Package Check Results for Package SubTite

Last updated on 2025-11-23 20:49:04 CET.

Flavor Version Tinstall Tcheck Ttotal Status Flags
r-devel-linux-x86_64-debian-clang 4.0.5 50.19 34.28 84.47 NOTE
r-devel-linux-x86_64-debian-gcc 4.0.5 25.77 25.93 51.70 NOTE
r-devel-linux-x86_64-fedora-clang 4.0.5 82.00 46.18 128.18 OK
r-devel-windows-x86_64 4.0.5 49.00 69.00 118.00 OK
r-patched-linux-x86_64 4.0.5 37.12 31.98 69.10 OK
r-release-linux-x86_64 4.0.5 35.10 32.32 67.42 OK
r-release-macos-arm64 4.0.5 OK
r-release-macos-x86_64 4.0.5 39.00 38.00 77.00 OK
r-release-windows-x86_64 4.0.5 41.00 87.00 128.00 OK
r-oldrel-macos-arm64 4.0.5 OK
r-oldrel-macos-x86_64 4.0.5 27.00 30.00 57.00 OK
r-oldrel-windows-x86_64 4.0.5 51.00 82.00 133.00 OK

Check Details

Version: 4.0.5
Check: CRAN incoming feasibility
Result: NOTE Maintainer: ‘Andrew Chapple <achapp@lsuhsc.edu>’ No Authors@R field in DESCRIPTION. Please add one, modifying Authors@R: person(given = "Andrew", family = "Chapple", role = c("aut", "cre"), email = "achapp@lsuhsc.edu") as necessary. Flavors: r-devel-linux-x86_64-debian-clang, r-devel-linux-x86_64-debian-gcc