CRAN Package Check Results for Package StructureMC

Last updated on 2025-05-09 20:50:04 CEST.

Flavor Version Tinstall Tcheck Ttotal Status Flags
r-devel-linux-x86_64-debian-clang 1.0 1.72 20.03 21.75 NOTE
r-devel-linux-x86_64-debian-gcc 1.0 1.46 16.79 18.25 NOTE
r-devel-linux-x86_64-fedora-clang 1.0 33.39 OK
r-devel-linux-x86_64-fedora-gcc 1.0 32.08 OK
r-devel-windows-x86_64 1.0 3.00 52.00 55.00 OK
r-patched-linux-x86_64 1.0 1.73 19.29 21.02 OK
r-release-linux-x86_64 1.0 1.65 19.17 20.82 OK
r-release-macos-arm64 1.0 17.00 OK
r-release-macos-x86_64 1.0 25.00 OK
r-release-windows-x86_64 1.0 2.00 49.00 51.00 OK
r-oldrel-macos-arm64 1.0 16.00 OK
r-oldrel-macos-x86_64 1.0 22.00 OK
r-oldrel-windows-x86_64 1.0 3.00 48.00 51.00 OK

Check Details

Version: 1.0
Check: CRAN incoming feasibility
Result: NOTE Maintainer: ‘Yifu Liu <2012johnnyliu@gmail.com>’ No Authors@R field in DESCRIPTION. Please add one, modifying Authors@R: c(person(given = "Yifu", family = "Liu", role = c("aut", "cre"), email = "2012johnnyliu@gmail.com"), person(given = "Anru", family = "Zhang", role = "aut")) as necessary. Flavors: r-devel-linux-x86_64-debian-clang, r-devel-linux-x86_64-debian-gcc