Last updated on 2024-07-17 20:57:13 CEST.
Flavor | Version | Tinstall | Tcheck | Ttotal | Status | Flags |
---|---|---|---|---|---|---|
r-devel-linux-x86_64-debian-clang | 1.3 | 5.60 | 62.11 | 67.71 | OK | |
r-devel-linux-x86_64-debian-gcc | 1.3 | 4.39 | 45.08 | 49.47 | OK | |
r-devel-linux-x86_64-fedora-clang | 1.3 | 85.95 | OK | |||
r-devel-linux-x86_64-fedora-gcc | 1.3 | 81.04 | OK | |||
r-devel-windows-x86_64 | 1.3 | 6.00 | 64.00 | 70.00 | NOTE | |
r-patched-linux-x86_64 | 1.3 | 8.26 | 58.15 | 66.41 | OK | |
r-release-linux-x86_64 | 1.3 | 5.49 | 59.31 | 64.80 | OK | |
r-release-macos-arm64 | 1.3 | 27.00 | OK | |||
r-release-macos-x86_64 | 1.3 | 39.00 | OK | |||
r-release-windows-x86_64 | 1.3 | 6.00 | 65.00 | 71.00 | OK | |
r-oldrel-macos-arm64 | 1.3 | 32.00 | OK | |||
r-oldrel-macos-x86_64 | 1.3 | 43.00 | OK | |||
r-oldrel-windows-x86_64 | 1.3 | 7.00 | 74.00 | 81.00 | OK |
Version: 1.3
Check: Rd cross-references
Result: NOTE
Found the following Rd file(s) with Rd \link{} targets missing package
anchors:
getSummary.StratSel.Rd: mtable
Please provide package anchors for all Rd \link{} targets not in the
package itself and the base packages.
Flavor: r-devel-windows-x86_64