Last updated on 2025-02-06 19:49:36 CET.
Flavor | Version | Tinstall | Tcheck | Ttotal | Status | Flags |
---|---|---|---|---|---|---|
r-devel-linux-x86_64-debian-clang | 1.0 | 20.04 | 21.52 | 41.56 | OK | |
r-devel-linux-x86_64-debian-gcc | 1.0 | 14.74 | 17.61 | 32.35 | OK | |
r-devel-linux-x86_64-fedora-clang | 1.0 | 84.22 | NOTE | |||
r-devel-linux-x86_64-fedora-gcc | 1.0 | 78.98 | NOTE | |||
r-devel-windows-x86_64 | 1.0 | 24.00 | 64.00 | 88.00 | OK | |
r-patched-linux-x86_64 | 1.0 | 20.44 | 20.39 | 40.83 | OK | |
r-release-linux-x86_64 | 1.0 | 20.04 | 20.68 | 40.72 | OK | |
r-release-macos-arm64 | 1.0 | 25.00 | OK | |||
r-release-macos-x86_64 | 1.0 | 33.00 | OK | |||
r-release-windows-x86_64 | 1.0 | 23.00 | 66.00 | 89.00 | OK | |
r-oldrel-macos-arm64 | 1.0 | 29.00 | OK | |||
r-oldrel-macos-x86_64 | 1.0 | 42.00 | OK | |||
r-oldrel-windows-x86_64 | 1.0 | 27.00 | 68.00 | 95.00 | OK |
Version: 1.0
Check: compiled code
Result: NOTE
File ‘StepwiseTest/libs/StepwiseTest.so’:
Found no calls to: ‘R_registerRoutines’, ‘R_useDynamicSymbols’
It is good practice to register native routines and to disable symbol
search.
See ‘Writing portable packages’ in the ‘Writing R Extensions’ manual.
Flavors: r-devel-linux-x86_64-fedora-clang, r-devel-linux-x86_64-fedora-gcc