Last updated on 2024-04-23 20:52:20 CEST.
Flavor | Version | Tinstall | Tcheck | Ttotal | Status | Flags |
---|---|---|---|---|---|---|
r-devel-linux-x86_64-debian-clang | 1.2.0 | 745.70 | 260.96 | 1006.66 | NOTE | |
r-devel-linux-x86_64-debian-gcc | 1.2.0 | 704.21 | 230.59 | 934.80 | NOTE | |
r-devel-linux-x86_64-fedora-clang | 1.2.0 | 1258.83 | NOTE | |||
r-devel-linux-x86_64-fedora-gcc | 1.2.0 | 1732.12 | NOTE | |||
r-prerel-macos-arm64 | 1.2.0 | 301.00 | NOTE | |||
r-prerel-windows-x86_64 | 1.2.0 | 590.00 | 240.00 | 830.00 | NOTE | |
r-patched-linux-x86_64 | 1.2.0 | 591.77 | 309.03 | 900.80 | NOTE | |
r-release-linux-x86_64 | 1.2.0 | 650.68 | 312.17 | 962.85 | NOTE | |
r-release-macos-arm64 | 1.2.0 | 360.00 | NOTE | |||
r-release-macos-x86_64 | 1.2.0 | 551.00 | NOTE | |||
r-release-windows-x86_64 | 1.2.0 | 734.00 | 316.00 | 1050.00 | NOTE | |
r-oldrel-macos-arm64 | 1.2.0 | 325.00 | NOTE | |||
r-oldrel-windows-x86_64 | 1.2.0 | 692.00 | 303.00 | 995.00 | NOTE |
Version: 1.2.0
Check: for GNU extensions in Makefiles
Result: NOTE
GNU make is a SystemRequirements.
Flavors: r-devel-linux-x86_64-debian-clang, r-devel-linux-x86_64-debian-gcc, r-devel-linux-x86_64-fedora-clang, r-devel-linux-x86_64-fedora-gcc, r-prerel-macos-arm64, r-prerel-windows-x86_64, r-patched-linux-x86_64, r-release-linux-x86_64, r-release-macos-arm64, r-release-macos-x86_64, r-release-windows-x86_64, r-oldrel-macos-arm64, r-oldrel-windows-x86_64
Version: 1.2.0
Check: installed package size
Result: NOTE
installed size is 7.6Mb
sub-directories of 1Mb or more:
libs 6.8Mb
Flavors: r-devel-linux-x86_64-fedora-clang, r-prerel-macos-arm64, r-prerel-windows-x86_64, r-release-macos-arm64, r-release-macos-x86_64, r-release-windows-x86_64, r-oldrel-macos-arm64, r-oldrel-windows-x86_64
Version: 1.2.0
Check: dependencies in R code
Result: NOTE
Namespaces in Imports field not imported from:
‘RcppParallel’ ‘httr’ ‘latex2exp’ ‘rstantools’ ‘tibble’ ‘tidyverse’
‘utils’
All declared Imports should be used.
Flavors: r-devel-linux-x86_64-fedora-clang, r-devel-linux-x86_64-fedora-gcc