CRAN Package Check Results for Package StackImpute

Last updated on 2023-11-27 19:52:56 CET.

Flavor Version Tinstall Tcheck Ttotal Status Flags
r-devel-linux-x86_64-debian-clang 0.1.0 11.83 38.48 50.31 NOTE
r-devel-linux-x86_64-debian-gcc 0.1.0 12.89 32.28 45.17 NOTE
r-devel-linux-x86_64-fedora-clang 0.1.0 66.15 NOTE
r-devel-linux-x86_64-fedora-gcc 0.1.0 75.32 NOTE
r-devel-windows-x86_64 0.1.0 11.00 63.00 74.00 OK
r-patched-linux-x86_64 0.1.0 11.28 37.95 49.23 OK
r-release-linux-x86_64 0.1.0 10.21 38.31 48.52 OK
r-release-macos-arm64 0.1.0 40.00 OK
r-release-macos-x86_64 0.1.0 53.00 OK
r-release-windows-x86_64 0.1.0 16.00 65.00 81.00 OK
r-oldrel-macos-arm64 0.1.0 31.00 NOTE
r-oldrel-macos-x86_64 0.1.0 45.00 NOTE
r-oldrel-windows-x86_64 0.1.0 16.00 61.00 77.00 OK

Check Details

Version: 0.1.0
Check: Rd files
Result: NOTE checkRd: (-1) stackExample.Rd:10: Lost braces in \itemize; meant \describe ? checkRd: (-1) stackExample.Rd:11: Lost braces in \itemize; meant \describe ? Flavors: r-devel-linux-x86_64-debian-clang, r-devel-linux-x86_64-debian-gcc

Version: 0.1.0
Check: dependencies in R code
Result: NOTE Namespaces in Imports field not imported from: ‘MASS’ ‘mice’ ‘sandwich’ ‘zoo’ All declared Imports should be used. Flavors: r-devel-linux-x86_64-fedora-clang, r-devel-linux-x86_64-fedora-gcc, r-oldrel-macos-arm64, r-oldrel-macos-x86_64