Last updated on 2023-11-27 19:52:56 CET.
Flavor | Version | Tinstall | Tcheck | Ttotal | Status | Flags |
---|---|---|---|---|---|---|
r-devel-linux-x86_64-debian-clang | 1.6.3 | 15.72 | 123.80 | 139.52 | NOTE | |
r-devel-linux-x86_64-debian-gcc | 1.6.3 | 12.19 | 96.01 | 108.20 | NOTE | |
r-devel-linux-x86_64-fedora-clang | 1.6.3 | 170.47 | OK | |||
r-devel-linux-x86_64-fedora-gcc | 1.6.3 | 161.04 | OK | |||
r-devel-windows-x86_64 | 1.6.3 | 14.00 | 114.00 | 128.00 | OK | |
r-patched-linux-x86_64 | 1.6.3 | 13.88 | 116.03 | 129.91 | OK | |
r-release-linux-x86_64 | 1.6.3 | 10.59 | 115.54 | 126.13 | OK | |
r-release-macos-arm64 | 1.6.3 | 57.00 | OK | |||
r-release-macos-x86_64 | 1.6.3 | 88.00 | OK | |||
r-release-windows-x86_64 | 1.6.3 | 19.00 | 134.00 | 153.00 | OK | |
r-oldrel-macos-arm64 | 1.6.3 | 52.00 | OK | |||
r-oldrel-macos-x86_64 | 1.6.3 | 84.00 | OK | |||
r-oldrel-windows-x86_64 | 1.6.3 | 19.00 | 135.00 | 154.00 | OK |
Version: 1.6.3
Check: Rd files
Result: NOTE
checkRd: (-1) stamppFst.Rd:20: Lost braces
20 | \code{Fsts}{a matrix of pairwise Fst values between populations}
| ^
checkRd: (-1) stamppFst.Rd:21: Lost braces
21 | \code{Pvalues}{a matrix of p-values for each of the pairwise Fst values containined in the 'Fsts' matrix}
| ^
checkRd: (-1) stamppFst.Rd:22: Lost braces
22 | \code{Bootstraps}{a dataframe of each Fst value generated during Bootstrapping and the associated confidence intervals}
| ^
Flavors: r-devel-linux-x86_64-debian-clang, r-devel-linux-x86_64-debian-gcc