Last updated on 2024-04-17 20:57:50 CEST.
Flavor | Version | Tinstall | Tcheck | Ttotal | Status | Flags |
---|---|---|---|---|---|---|
r-devel-linux-x86_64-debian-clang | 1.3.0 | 13.56 | 182.20 | 195.76 | OK | |
r-devel-linux-x86_64-debian-gcc | 1.3.0 | 9.60 | 136.35 | 145.95 | OK | |
r-devel-linux-x86_64-fedora-clang | 1.3.0 | 241.15 | NOTE | |||
r-devel-linux-x86_64-fedora-gcc | 1.3.0 | 258.38 | OK | |||
r-prerel-macos-arm64 | 1.3.0 | 60.00 | NOTE | |||
r-prerel-windows-x86_64 | 1.3.0 | 13.00 | 125.00 | 138.00 | NOTE | |
r-patched-linux-x86_64 | 1.3.0 | 13.12 | 171.74 | 184.86 | OK | |
r-release-linux-x86_64 | 1.3.0 | 11.42 | 173.57 | 184.99 | OK | |
r-release-macos-arm64 | 1.3.0 | 67.00 | NOTE | |||
r-release-macos-x86_64 | 1.3.0 | 121.00 | NOTE | |||
r-release-windows-x86_64 | 1.3.0 | 16.00 | 160.00 | 176.00 | NOTE | |
r-oldrel-macos-arm64 | 1.3.0 | 66.00 | NOTE | |||
r-oldrel-windows-x86_64 | 1.3.0 | 16.00 | 162.00 | 178.00 | NOTE |
Version: 1.3.0
Check: installed package size
Result: NOTE
installed size is 8.8Mb
sub-directories of 1Mb or more:
doc 8.2Mb
Flavors: r-devel-linux-x86_64-fedora-clang, r-prerel-macos-arm64, r-prerel-windows-x86_64, r-release-macos-arm64, r-release-macos-x86_64, r-release-windows-x86_64, r-oldrel-macos-arm64, r-oldrel-windows-x86_64