Last updated on 2024-03-27 19:57:06 CET.
Flavor | Version | Tinstall | Tcheck | Ttotal | Status | Flags |
---|---|---|---|---|---|---|
r-devel-linux-x86_64-debian-clang | 1.0.5 | 121.84 | 34.70 | 156.54 | OK | |
r-devel-linux-x86_64-debian-gcc | 1.0.5 | 95.81 | 26.24 | 122.05 | OK | |
r-devel-linux-x86_64-fedora-clang | 1.0.5 | 234.73 | OK | |||
r-devel-linux-x86_64-fedora-gcc | 1.0.5 | 240.14 | OK | |||
r-devel-windows-x86_64 | 1.0.5 | 98.00 | 69.00 | 167.00 | NOTE | |
r-patched-linux-x86_64 | 1.0.5 | 112.10 | 33.01 | 145.11 | OK | |
r-release-linux-x86_64 | 1.0.5 | 121.51 | 33.65 | 155.16 | OK | |
r-release-macos-arm64 | 1.0.5 | 58.00 | NOTE | |||
r-release-macos-x86_64 | 1.0.5 | 100.00 | NOTE | |||
r-release-windows-x86_64 | 1.0.5 | 120.00 | 75.00 | 195.00 | NOTE | |
r-oldrel-macos-arm64 | 1.0.5 | 53.00 | NOTE | |||
r-oldrel-windows-x86_64 | 1.0.5 | 108.00 | 74.00 | 182.00 | OK |
Version: 1.0.5
Check: C++ specification
Result: NOTE
Specified C++11: please drop specification unless essential
Flavors: r-devel-windows-x86_64, r-release-windows-x86_64
Version: 1.0.5
Check: installed package size
Result: NOTE
installed size is 5.4Mb
sub-directories of 1Mb or more:
libs 5.3Mb
Flavors: r-release-macos-arm64, r-release-macos-x86_64, r-oldrel-macos-arm64