Last updated on 2025-05-06 20:50:54 CEST.
Flavor | Version | Tinstall | Tcheck | Ttotal | Status | Flags |
---|---|---|---|---|---|---|
r-devel-linux-x86_64-debian-clang | 1.0-4 | 7.36 | 53.11 | 60.47 | NOTE | |
r-devel-linux-x86_64-debian-gcc | 1.0-4 | 5.36 | 40.47 | 45.83 | NOTE | |
r-devel-linux-x86_64-fedora-clang | 1.0-4 | 92.15 | NOTE | |||
r-devel-linux-x86_64-fedora-gcc | 1.0-4 | 92.33 | NOTE | |||
r-devel-windows-x86_64 | 1.0-4 | 8.00 | 67.00 | 75.00 | NOTE | |
r-patched-linux-x86_64 | 1.0-4 | 6.19 | 49.77 | 55.96 | NOTE | |
r-release-linux-x86_64 | 1.0-4 | 5.89 | 49.98 | 55.87 | NOTE | |
r-release-macos-arm64 | 1.0-4 | 35.00 | NOTE | |||
r-release-macos-x86_64 | 1.0-4 | 57.00 | NOTE | |||
r-release-windows-x86_64 | 1.0-4 | 8.00 | 66.00 | 74.00 | NOTE | |
r-oldrel-macos-arm64 | 1.0-4 | 28.00 | NOTE | |||
r-oldrel-macos-x86_64 | 1.0-4 | 41.00 | NOTE | |||
r-oldrel-windows-x86_64 | 1.0-4 | 10.00 | 80.00 | 90.00 | NOTE |
Version: 1.0-4
Check: CRAN incoming feasibility
Result: NOTE
Maintainer: ‘Javier Garcia-Pintado <jgarciapintado@marum.de>’
No Authors@R field in DESCRIPTION.
Please add one, modifying
Authors@R: person(given = "Javier",
family = "Garcia-Pintado",
role = c("aut", "cre"),
email = "jgarciapintado@marum.de")
as necessary.
Flavors: r-devel-linux-x86_64-debian-clang, r-devel-linux-x86_64-debian-gcc
Version: 1.0-4
Check: Rd files
Result: NOTE
checkRd: (-1) distSG.Rd:40: Lost braces; missing escapes or markup?
40 | matrix and weight matrix (plus a matrix with {eID} identifiers
| ^
Flavors: r-devel-linux-x86_64-debian-clang, r-devel-linux-x86_64-debian-gcc, r-devel-linux-x86_64-fedora-clang, r-devel-linux-x86_64-fedora-gcc, r-devel-windows-x86_64, r-patched-linux-x86_64, r-release-linux-x86_64, r-release-macos-arm64, r-release-macos-x86_64, r-release-windows-x86_64, r-oldrel-macos-arm64, r-oldrel-macos-x86_64, r-oldrel-windows-x86_64