Last updated on 2025-10-30 19:53:37 CET.
| Flavor | Version | Tinstall | Tcheck | Ttotal | Status | Flags | 
|---|---|---|---|---|---|---|
| r-devel-linux-x86_64-debian-clang | 0.99.5 | 4.17 | 84.99 | 89.16 | NOTE | |
| r-devel-linux-x86_64-debian-gcc | 0.99.5 | 3.19 | 71.33 | 74.52 | NOTE | |
| r-devel-linux-x86_64-fedora-clang | 0.99.5 | 137.48 | NOTE | |||
| r-devel-linux-x86_64-fedora-gcc | 0.99.5 | 164.11 | NOTE | |||
| r-devel-windows-x86_64 | 0.99.5 | 6.00 | 137.00 | 143.00 | NOTE | |
| r-patched-linux-x86_64 | 0.99.5 | 4.64 | 82.99 | 87.63 | NOTE | |
| r-release-linux-x86_64 | 0.99.5 | 4.45 | 84.15 | 88.60 | NOTE | |
| r-release-macos-arm64 | 0.99.5 | 3.00 | 68.00 | 71.00 | NOTE | |
| r-release-macos-x86_64 | 0.99.5 | 4.00 | 175.00 | 179.00 | NOTE | |
| r-release-windows-x86_64 | 0.99.5 | 6.00 | 143.00 | 149.00 | NOTE | |
| r-oldrel-macos-arm64 | 0.99.5 | 2.00 | 56.00 | 58.00 | NOTE | |
| r-oldrel-macos-x86_64 | 0.99.5 | 4.00 | 172.00 | 176.00 | NOTE | |
| r-oldrel-windows-x86_64 | 0.99.5 | 7.00 | 162.00 | 169.00 | NOTE | 
Version: 0.99.5
Check: Rd files
Result: NOTE
  checkRd: (-1) mu_calc.Rd:32: Lost braces; missing escapes or markup?
      32 | mu_{d} | mu_{d} < mu_{d-1} and mu_{d} | mu_{d} > mu_{d-1} respecitively.
         |    ^
  checkRd: (-1) mu_calc.Rd:32: Lost braces; missing escapes or markup?
      32 | mu_{d} | mu_{d} < mu_{d-1} and mu_{d} | mu_{d} > mu_{d-1} respecitively.
         |             ^
  checkRd: (-1) mu_calc.Rd:32: Lost braces; missing escapes or markup?
      32 | mu_{d} | mu_{d} < mu_{d-1} and mu_{d} | mu_{d} > mu_{d-1} respecitively.
         |                      ^
  checkRd: (-1) mu_calc.Rd:32: Lost braces; missing escapes or markup?
      32 | mu_{d} | mu_{d} < mu_{d-1} and mu_{d} | mu_{d} > mu_{d-1} respecitively.
         |                                   ^
  checkRd: (-1) mu_calc.Rd:32: Lost braces; missing escapes or markup?
      32 | mu_{d} | mu_{d} < mu_{d-1} and mu_{d} | mu_{d} > mu_{d-1} respecitively.
         |                                            ^
  checkRd: (-1) mu_calc.Rd:32: Lost braces; missing escapes or markup?
      32 | mu_{d} | mu_{d} < mu_{d-1} and mu_{d} | mu_{d} > mu_{d-1} respecitively.
         |                                                     ^
Flavors: r-devel-linux-x86_64-debian-clang, r-devel-linux-x86_64-debian-gcc, r-devel-linux-x86_64-fedora-clang, r-devel-linux-x86_64-fedora-gcc, r-devel-windows-x86_64, r-patched-linux-x86_64, r-release-linux-x86_64, r-release-macos-arm64, r-release-macos-x86_64, r-release-windows-x86_64, r-oldrel-macos-arm64, r-oldrel-macos-x86_64, r-oldrel-windows-x86_64