Last updated on 2023-06-05 21:59:20 CEST.
Flavor | Version | Tinstall | Tcheck | Ttotal | Status | Flags |
---|---|---|---|---|---|---|
r-devel-linux-x86_64-debian-clang | 0.1.0 | 36.78 | 102.00 | 138.78 | OK | |
r-devel-linux-x86_64-debian-gcc | 0.1.0 | 28.48 | 76.44 | 104.92 | OK | |
r-devel-linux-x86_64-fedora-clang | 0.1.0 | 180.96 | NOTE | |||
r-devel-linux-x86_64-fedora-gcc | 0.1.0 | 173.31 | NOTE | |||
r-devel-windows-x86_64 | 0.1.0 | 32.00 | 107.00 | 139.00 | OK | |
r-patched-linux-x86_64 | 0.1.0 | 31.41 | 93.54 | 124.95 | OK | |
r-release-linux-x86_64 | 0.1.0 | 21.96 | 94.21 | 116.17 | OK | |
r-release-macos-arm64 | 0.1.0 | 50.00 | OK | |||
r-release-macos-x86_64 | 0.1.0 | 87.00 | OK | |||
r-release-windows-x86_64 | 0.1.0 | 37.00 | 135.00 | 172.00 | OK | |
r-oldrel-macos-arm64 | 0.1.0 | 52.00 | OK | |||
r-oldrel-macos-x86_64 | 0.1.0 | 84.00 | OK | |||
r-oldrel-windows-x86_64 | 0.1.0 | 38.00 | 134.00 | 172.00 | OK |
Version: 0.1.0
Check: compiled code
Result: NOTE
File ‘SpaCCr/libs/SpaCCr.so’:
Found no calls to: ‘R_registerRoutines’, ‘R_useDynamicSymbols’
It is good practice to register native routines and to disable symbol
search.
See ‘Writing portable packages’ in the ‘Writing R Extensions’ manual.
Flavors: r-devel-linux-x86_64-fedora-clang, r-devel-linux-x86_64-fedora-gcc