Last updated on 2024-03-28 19:48:46 CET.
Flavor | Version | Tinstall | Tcheck | Ttotal | Status | Flags |
---|---|---|---|---|---|---|
r-devel-linux-x86_64-debian-clang | 1.6.2 | 65.16 | 98.82 | 163.98 | OK | |
r-devel-linux-x86_64-debian-gcc | 1.6.2 | 48.79 | 79.06 | 127.85 | OK | |
r-devel-linux-x86_64-fedora-clang | 1.6.2 | 204.35 | NOTE | |||
r-devel-linux-x86_64-fedora-gcc | 1.6.2 | 209.22 | NOTE | |||
r-devel-windows-x86_64 | 1.6.2 | 44.00 | 104.00 | 148.00 | NOTE | |
r-patched-linux-x86_64 | 1.6.2 | 59.94 | 100.23 | 160.17 | OK | |
r-release-linux-x86_64 | 1.6.2 | 42.00 | 102.31 | 144.31 | OK | |
r-release-macos-arm64 | 1.6.2 | 66.00 | NOTE | |||
r-release-macos-x86_64 | 1.6.2 | 98.00 | NOTE | |||
r-release-windows-x86_64 | 1.6.2 | 53.00 | 130.00 | 183.00 | NOTE | |
r-oldrel-macos-arm64 | 1.6.2 | 52.00 | NOTE | |||
r-oldrel-windows-x86_64 | 1.6.2 | 52.00 | 124.00 | 176.00 | NOTE |
Version: 1.6.2
Check: installed package size
Result: NOTE
installed size is 5.1Mb
sub-directories of 1Mb or more:
data 4.7Mb
Flavors: r-devel-linux-x86_64-fedora-clang, r-devel-windows-x86_64, r-release-macos-arm64, r-release-macos-x86_64, r-release-windows-x86_64, r-oldrel-macos-arm64, r-oldrel-windows-x86_64
Version: 1.6.2
Check: dependencies in R code
Result: NOTE
Namespace in Imports field not imported from: ‘RcppEigen’
All declared Imports should be used.
Flavors: r-devel-linux-x86_64-fedora-clang, r-devel-linux-x86_64-fedora-gcc, r-oldrel-macos-arm64