Last updated on 2024-04-18 21:57:06 CEST.
Flavor | Version | Tinstall | Tcheck | Ttotal | Status | Flags |
---|---|---|---|---|---|---|
r-devel-linux-x86_64-debian-clang | 1.0.3 | 4.83 | 44.94 | 49.77 | NOTE | |
r-devel-linux-x86_64-debian-gcc | 1.0.3 | 5.10 | 32.97 | 38.07 | NOTE | |
r-devel-linux-x86_64-fedora-clang | 1.0.3 | 62.01 | NOTE | |||
r-devel-linux-x86_64-fedora-gcc | 1.0.3 | 59.17 | NOTE | |||
r-prerel-macos-arm64 | 1.0.3 | 21.00 | NOTE | |||
r-prerel-windows-x86_64 | 1.0.3 | 5.00 | 53.00 | 58.00 | NOTE | |
r-patched-linux-x86_64 | 1.0.3 | 9.51 | 42.95 | 52.46 | NOTE | |
r-release-linux-x86_64 | 1.0.3 | 4.79 | 43.06 | 47.85 | NOTE | |
r-release-macos-arm64 | 1.0.3 | 24.00 | NOTE | |||
r-release-macos-x86_64 | 1.0.3 | 34.00 | NOTE | |||
r-release-windows-x86_64 | 1.0.3 | 8.00 | 57.00 | 65.00 | NOTE | |
r-oldrel-macos-arm64 | 1.0.3 | 19.00 | NOTE | |||
r-oldrel-windows-x86_64 | 1.0.3 | 8.00 | 64.00 | 72.00 | NOTE |
Version: 1.0.3
Check: LazyData
Result: NOTE
'LazyData' is specified without a 'data' directory
Flavors: r-devel-linux-x86_64-debian-clang, r-devel-linux-x86_64-debian-gcc, r-devel-linux-x86_64-fedora-clang, r-devel-linux-x86_64-fedora-gcc, r-prerel-macos-arm64, r-prerel-windows-x86_64, r-patched-linux-x86_64, r-release-linux-x86_64, r-release-macos-arm64, r-release-macos-x86_64, r-release-windows-x86_64, r-oldrel-macos-arm64, r-oldrel-windows-x86_64