CRAN Package Check Results for Package SmCCNet

Last updated on 2024-06-12 20:59:15 CEST.

Flavor Version Tinstall Tcheck Ttotal Status Flags
r-devel-linux-x86_64-debian-clang 2.0.3 4.37 112.83 117.20 OK
r-devel-linux-x86_64-debian-gcc 2.0.3 0.73 1.78 2.51 ERROR
r-devel-linux-x86_64-fedora-clang 2.0.3 153.85 OK
r-devel-linux-x86_64-fedora-gcc 2.0.3 160.66 OK
r-devel-windows-x86_64 2.0.3 6.00 181.00 187.00 OK
r-patched-linux-x86_64 2.0.3 4.62 113.83 118.45 OK
r-release-linux-x86_64 2.0.3 5.25 112.68 117.93 OK
r-release-macos-arm64 2.0.3 65.00 OK
r-release-macos-x86_64 2.0.3 93.00 OK
r-release-windows-x86_64 2.0.3 7.00 179.00 186.00 OK
r-oldrel-macos-arm64 2.0.3 71.00 OK
r-oldrel-macos-x86_64 2.0.3 130.00 OK
r-oldrel-windows-x86_64 2.0.3 7.00 179.00 186.00 OK

Check Details

Version: 2.0.3
Check: package dependencies
Result: ERROR Packages required but not available: 'EnvStats', 'igraph', 'furrr', 'purrr' Packages suggested but not available for checking: 'testthat', 'dplyr', 'reshape2', 'shadowtext', 'tidyverse', 'caret' See section ‘The DESCRIPTION file’ in the ‘Writing R Extensions’ manual. Flavor: r-devel-linux-x86_64-debian-gcc