Last updated on 2024-08-15 20:48:27 CEST.
Flavor | Version | Tinstall | Tcheck | Ttotal | Status | Flags |
---|---|---|---|---|---|---|
r-devel-linux-x86_64-debian-clang | 1.0.1 | 25.85 | 212.77 | 238.62 | NOTE | |
r-devel-linux-x86_64-debian-gcc | 1.0.1 | 20.79 | 155.05 | 175.84 | NOTE | |
r-devel-linux-x86_64-fedora-clang | 1.0.1 | 388.03 | OK | |||
r-devel-linux-x86_64-fedora-gcc | 1.0.1 | 362.73 | OK | |||
r-devel-windows-x86_64 | 1.0.1 | 27.00 | 193.00 | 220.00 | NOTE | |
r-patched-linux-x86_64 | 1.0.1 | 32.21 | 203.61 | 235.82 | OK | |
r-release-linux-x86_64 | 1.0.1 | 25.47 | 204.13 | 229.60 | OK | |
r-release-macos-arm64 | 1.0.1 | 107.00 | OK | |||
r-release-macos-x86_64 | 1.0.1 | 158.00 | OK | |||
r-release-windows-x86_64 | 1.0.1 | 27.00 | 188.00 | 215.00 | OK | |
r-oldrel-macos-arm64 | 1.0.1 | 115.00 | OK | |||
r-oldrel-macos-x86_64 | 1.0.1 | 205.00 | OK | |||
r-oldrel-windows-x86_64 | 1.0.1 | 36.00 | 256.00 | 292.00 | OK |
Version: 1.0.1
Check: Rd cross-references
Result: NOTE
Found the following Rd file(s) with Rd \link{} targets missing package
anchors:
plotslapmeg.Rd: ggplot2
Please provide package anchors for all Rd \link{} targets not in the
package itself and the base packages.
Flavors: r-devel-linux-x86_64-debian-clang, r-devel-linux-x86_64-debian-gcc, r-devel-windows-x86_64