Last updated on 2025-05-17 20:50:29 CEST.
Flavor | Version | Tinstall | Tcheck | Ttotal | Status | Flags |
---|---|---|---|---|---|---|
r-devel-linux-x86_64-debian-clang | 0.3.1 | 57.72 | 60.56 | 118.28 | OK | |
r-devel-linux-x86_64-debian-gcc | 0.3.1 | 40.25 | 45.12 | 85.37 | OK | |
r-devel-linux-x86_64-fedora-clang | 0.3.1 | 185.21 | NOTE | |||
r-devel-linux-x86_64-fedora-gcc | 0.3.1 | 178.83 | NOTE | |||
r-devel-windows-x86_64 | 0.3.1 | 50.00 | 88.00 | 138.00 | OK | |
r-release-linux-x86_64 | 0.3.1 | 54.74 | 57.41 | 112.15 | OK | |
r-release-macos-arm64 | 0.3.1 | 67.00 | OK | |||
r-release-macos-x86_64 | 0.3.1 | 160.00 | OK | |||
r-release-windows-x86_64 | 0.3.1 | 51.00 | 73.00 | 124.00 | OK | |
r-oldrel-macos-arm64 | 0.3.1 | 72.00 | OK | |||
r-oldrel-macos-x86_64 | 0.3.1 | 102.00 | OK |
Version: 0.3.1
Check: dependencies in R code
Result: NOTE
Namespace in Imports field not imported from: ‘vegan’
All declared Imports should be used.
Flavors: r-devel-linux-x86_64-fedora-clang, r-devel-linux-x86_64-fedora-gcc