CRAN Package Check Results for Package SimilarityMeasures

Last updated on 2025-11-22 19:50:43 CET.

Flavor Version Tinstall Tcheck Ttotal Status Flags
r-devel-linux-x86_64-debian-clang 1.4 2.64 24.63 27.27 NOTE
r-devel-linux-x86_64-debian-gcc 1.4 1.90 18.68 20.58 NOTE
r-devel-linux-x86_64-fedora-clang 1.4 40.44 OK
r-devel-windows-x86_64 1.4 3.00 40.00 43.00 OK
r-patched-linux-x86_64 1.4 2.86 22.49 25.35 OK
r-release-linux-x86_64 1.4 2.56 22.50 25.06 OK
r-release-macos-arm64 1.4 OK
r-release-macos-x86_64 1.4 2.00 25.00 27.00 OK
r-release-windows-x86_64 1.4 4.00 39.00 43.00 OK
r-oldrel-macos-arm64 1.4 OK
r-oldrel-macos-x86_64 1.4 3.00 21.00 24.00 OK
r-oldrel-windows-x86_64 1.4 4.00 41.00 45.00 OK

Check Details

Version: 1.4
Check: CRAN incoming feasibility
Result: NOTE Maintainer: ‘Kevin Toohey <kevintoohey@live.com>’ No Authors@R field in DESCRIPTION. Please add one, modifying Authors@R: person(given = "Kevin", family = "Toohey", role = c("aut", "cre"), email = "kevintoohey@live.com") as necessary. Flavors: r-devel-linux-x86_64-debian-clang, r-devel-linux-x86_64-debian-gcc