Last updated on 2024-04-19 20:56:52 CEST.
Flavor | Version | Tinstall | Tcheck | Ttotal | Status | Flags |
---|---|---|---|---|---|---|
r-devel-linux-x86_64-debian-clang | 1.0.0 | 4.46 | 39.28 | 43.74 | NOTE | |
r-devel-linux-x86_64-debian-gcc | 1.0.0 | NOTE | ||||
r-devel-linux-x86_64-fedora-clang | 1.0.0 | 53.67 | NOTE | |||
r-devel-linux-x86_64-fedora-gcc | 1.0.0 | 51.22 | NOTE | |||
r-prerel-macos-arm64 | 1.0.0 | 22.00 | NOTE | |||
r-prerel-windows-x86_64 | 1.0.0 | 6.00 | 51.00 | 57.00 | NOTE | |
r-patched-linux-x86_64 | 1.0.0 | 4.19 | 36.70 | 40.89 | NOTE | |
r-release-linux-x86_64 | 1.0.0 | 3.97 | 37.60 | 41.57 | OK | |
r-release-macos-arm64 | 1.0.0 | 23.00 | OK | |||
r-release-macos-x86_64 | 1.0.0 | 29.00 | OK | |||
r-release-windows-x86_64 | 1.0.0 | 6.00 | 56.00 | 62.00 | OK | |
r-oldrel-macos-arm64 | 1.0.0 | 21.00 | NOTE | |||
r-oldrel-windows-x86_64 | 1.0.0 | 7.00 | 63.00 | 70.00 | OK |
Version: 1.0.0
Check: Rd files
Result: NOTE
checkRd: (-1) make_one_dataset.Rd:67: Lost braces; missing escapes or markup?
67 | \code{within.SD} to be extremely small (e.g., $1 * 10^{-7}$) and all corresponding correlations in matrix
| ^
Flavors: r-devel-linux-x86_64-debian-clang, r-devel-linux-x86_64-debian-gcc, r-devel-linux-x86_64-fedora-clang, r-devel-linux-x86_64-fedora-gcc, r-prerel-macos-arm64, r-prerel-windows-x86_64, r-patched-linux-x86_64
Version: 1.0.0
Check: dependencies in R code
Result: NOTE
Namespace in Imports field not imported from: ‘metafor’
All declared Imports should be used.
Flavors: r-devel-linux-x86_64-fedora-clang, r-devel-linux-x86_64-fedora-gcc, r-oldrel-macos-arm64