Last updated on 2024-04-23 20:52:19 CEST.
Flavor | Version | Tinstall | Tcheck | Ttotal | Status | Flags |
---|---|---|---|---|---|---|
r-devel-linux-x86_64-debian-clang | 0.1.6 | 12.61 | 108.80 | 121.41 | NOTE | |
r-devel-linux-x86_64-debian-gcc | 0.1.6 | 10.51 | 80.85 | 91.36 | NOTE | |
r-devel-linux-x86_64-fedora-clang | 0.1.6 | 165.18 | OK | |||
r-devel-linux-x86_64-fedora-gcc | 0.1.6 | 164.62 | OK | |||
r-prerel-macos-arm64 | 0.1.6 | 51.00 | NOTE | |||
r-prerel-windows-x86_64 | 0.1.6 | 12.00 | 98.00 | 110.00 | OK | |
r-patched-linux-x86_64 | 0.1.6 | 13.20 | 105.66 | 118.86 | NOTE | |
r-release-linux-x86_64 | 0.1.6 | 8.30 | 105.46 | 113.76 | NOTE | |
r-release-macos-arm64 | 0.1.6 | 49.00 | NOTE | |||
r-release-macos-x86_64 | 0.1.6 | 110.00 | NOTE | |||
r-release-windows-x86_64 | 0.1.6 | 16.00 | 130.00 | 146.00 | NOTE | |
r-oldrel-macos-arm64 | 0.1.6 | 57.00 | NOTE | |||
r-oldrel-windows-x86_64 | 0.1.6 | 17.00 | 119.00 | 136.00 | NOTE |
Version: 0.1.6
Check: package dependencies
Result: NOTE
Package suggested but not available for checking: ‘INLA’
Flavors: r-devel-linux-x86_64-debian-clang, r-devel-linux-x86_64-debian-gcc, r-prerel-macos-arm64, r-patched-linux-x86_64, r-release-linux-x86_64, r-release-macos-arm64, r-release-macos-x86_64, r-release-windows-x86_64, r-oldrel-macos-arm64, r-oldrel-windows-x86_64