Last updated on 2024-03-27 19:57:05 CET.
Flavor | Version | Tinstall | Tcheck | Ttotal | Status | Flags |
---|---|---|---|---|---|---|
r-devel-linux-x86_64-debian-clang | 9.6.0 | 25.91 | 263.02 | 288.93 | OK | |
r-devel-linux-x86_64-debian-gcc | 9.6.0 | 23.44 | 199.72 | 223.16 | OK | |
r-devel-linux-x86_64-fedora-clang | 9.6.0 | 368.40 | OK | |||
r-devel-linux-x86_64-fedora-gcc | 9.6.0 | 376.00 | OK | |||
r-devel-windows-x86_64 | 9.6.0 | 31.00 | 267.00 | 298.00 | OK | |
r-patched-linux-x86_64 | 9.6.0 | 33.33 | 265.50 | 298.83 | OK | |
r-release-linux-x86_64 | 9.6.0 | 30.45 | 264.47 | 294.92 | OK | |
r-release-macos-arm64 | 9.6.0 | 146.00 | NOTE | |||
r-release-macos-x86_64 | 9.6.0 | 328.00 | NOTE | |||
r-release-windows-x86_64 | 9.6.0 | 41.00 | 317.00 | 358.00 | OK | |
r-oldrel-macos-arm64 | 9.6.0 | 136.00 | NOTE | |||
r-oldrel-windows-x86_64 | 9.6.0 | 44.00 | 305.00 | 349.00 | OK |
Version: 9.6.0
Check: installed package size
Result: NOTE
installed size is 7.3Mb
sub-directories of 1Mb or more:
data 2.9Mb
libs 2.7Mb
Flavors: r-release-macos-arm64, r-release-macos-x86_64, r-oldrel-macos-arm64