CRAN Package Check Results for Package SimDesign

Last updated on 2022-11-26 19:55:28 CET.

Flavor Version Tinstall Tcheck Ttotal Status Flags
r-devel-linux-x86_64-debian-clang 2.9.1 12.60 128.46 141.06 OK
r-devel-linux-x86_64-debian-gcc 2.9.1 10.05 95.48 105.53 OK
r-devel-linux-x86_64-fedora-clang 2.9.1 181.72 NOTE
r-devel-linux-x86_64-fedora-gcc 2.9.1 179.04 OK
r-devel-windows-x86_64 2.9.1 32.00 181.00 213.00 NOTE
r-patched-linux-x86_64 2.9.1 OK
r-release-linux-x86_64 2.9.1 12.53 111.71 124.24 OK
r-release-macos-arm64 2.9.1 45.00 NOTE
r-release-macos-x86_64 2.9.1 67.00 NOTE
r-release-windows-x86_64 2.9.1 65.00 172.00 237.00 NOTE
r-oldrel-macos-arm64 2.9.1 47.00 NOTE
r-oldrel-macos-x86_64 2.9.1 76.00 NOTE
r-oldrel-windows-ix86+x86_64 2.9.1 23.00 158.00 181.00 NOTE

Check Details

Version: 2.9.1
Check: installed package size
Result: NOTE
     installed size is 5.7Mb
     sub-directories of 1Mb or more:
     doc 5.2Mb
Flavors: r-devel-linux-x86_64-fedora-clang, r-devel-windows-x86_64, r-release-macos-arm64, r-release-macos-x86_64, r-release-windows-x86_64, r-oldrel-macos-arm64, r-oldrel-macos-x86_64, r-oldrel-windows-ix86+x86_64

Version: 2.9.1
Check: package dependencies
Result: NOTE
    Package suggested but not available for checking: ‘doMPI’
Flavors: r-release-macos-arm64, r-release-macos-x86_64, r-oldrel-macos-arm64, r-oldrel-macos-x86_64