Last updated on 2024-03-28 19:48:45 CET.
Flavor | Version | Tinstall | Tcheck | Ttotal | Status | Flags |
---|---|---|---|---|---|---|
r-devel-linux-x86_64-debian-clang | 0.1.1 | 24.79 | 249.05 | 273.84 | NOTE | |
r-devel-linux-x86_64-debian-gcc | 0.1.1 | 16.90 | 180.54 | 197.44 | NOTE | |
r-devel-linux-x86_64-fedora-clang | 0.1.1 | 319.88 | NOTE | |||
r-devel-linux-x86_64-fedora-gcc | 0.1.1 | 326.27 | NOTE | |||
r-devel-windows-x86_64 | 0.1.1 | 18.00 | 177.00 | 195.00 | NOTE | |
r-patched-linux-x86_64 | 0.1.1 | 13.04 | 238.92 | 251.96 | NOTE | |
r-release-linux-x86_64 | 0.1.1 | 12.88 | 234.63 | 247.51 | NOTE | |
r-release-macos-arm64 | 0.1.1 | 98.00 | NOTE | |||
r-release-macos-x86_64 | 0.1.1 | 161.00 | NOTE | |||
r-release-windows-x86_64 | 0.1.1 | 23.00 | 236.00 | 259.00 | NOTE | |
r-oldrel-macos-arm64 | 0.1.1 | 81.00 | NOTE | |||
r-oldrel-windows-x86_64 | 0.1.1 | 25.00 | 234.00 | 259.00 | NOTE |
Version: 0.1.1
Check: LazyData
Result: NOTE
'LazyData' is specified without a 'data' directory
Flavors: r-devel-linux-x86_64-debian-clang, r-devel-linux-x86_64-debian-gcc, r-devel-linux-x86_64-fedora-clang, r-devel-linux-x86_64-fedora-gcc, r-devel-windows-x86_64, r-patched-linux-x86_64, r-release-linux-x86_64, r-release-macos-arm64, r-release-macos-x86_64, r-release-windows-x86_64, r-oldrel-macos-arm64, r-oldrel-windows-x86_64
Version: 0.1.1
Check: dependencies in R code
Result: NOTE
Namespaces in Imports field not imported from:
‘MASS’ ‘grid’
All declared Imports should be used.
Flavors: r-devel-linux-x86_64-fedora-clang, r-devel-linux-x86_64-fedora-gcc, r-oldrel-macos-arm64
Version: 0.1.1
Check: Rd cross-references
Result: NOTE
Undeclared packages ‘GenOrd’, ‘PoisNor’ in Rd xrefs
Flavor: r-devel-linux-x86_64-fedora-clang