CRAN Package Check Results for Package SiZer

Last updated on 2025-11-23 20:49:02 CET.

Flavor Version Tinstall Tcheck Ttotal Status Flags
r-devel-linux-x86_64-debian-clang 0.1-8 3.14 42.12 45.26 NOTE
r-devel-linux-x86_64-debian-gcc 0.1-8 2.04 31.51 33.55 NOTE
r-devel-linux-x86_64-fedora-clang 0.1-8 68.91 NOTE
r-devel-windows-x86_64 0.1-8 6.00 56.00 62.00 NOTE
r-patched-linux-x86_64 0.1-8 2.81 39.04 41.85 NOTE
r-release-linux-x86_64 0.1-8 3.08 38.57 41.65 NOTE
r-release-macos-arm64 0.1-8 NOTE
r-release-macos-x86_64 0.1-8 2.00 36.00 38.00 NOTE
r-release-windows-x86_64 0.1-8 5.00 56.00 61.00 NOTE
r-oldrel-macos-arm64 0.1-8 OK
r-oldrel-macos-x86_64 0.1-8 2.00 30.00 32.00 OK
r-oldrel-windows-x86_64 0.1-8 6.00 68.00 74.00 OK

Check Details

Version: 0.1-8
Check: DESCRIPTION meta-information
Result: NOTE Missing dependency on R >= 4.1.0 because package code uses the pipe |> or function shorthand \(...) syntax added in R 4.1.0. File(s) using such syntax: ‘SiZer.R’ Flavors: r-devel-linux-x86_64-debian-clang, r-devel-linux-x86_64-debian-gcc, r-devel-linux-x86_64-fedora-clang, r-devel-windows-x86_64, r-patched-linux-x86_64, r-release-linux-x86_64, r-release-macos-arm64, r-release-macos-x86_64, r-release-windows-x86_64