Last updated on 2024-03-28 19:48:45 CET.
Flavor | Version | Tinstall | Tcheck | Ttotal | Status | Flags |
---|---|---|---|---|---|---|
r-devel-linux-x86_64-debian-clang | 1.4.0 | 32.66 | 35.87 | 68.53 | NOTE | |
r-devel-linux-x86_64-debian-gcc | 1.4.0 | 24.36 | 27.51 | 51.87 | NOTE | |
r-devel-linux-x86_64-fedora-clang | 1.4.0 | 96.70 | NOTE | |||
r-devel-linux-x86_64-fedora-gcc | 1.4.0 | 96.38 | NOTE | |||
r-devel-windows-x86_64 | 1.4.0 | 27.00 | 68.00 | 95.00 | NOTE | |
r-patched-linux-x86_64 | 1.4.0 | 34.31 | 33.97 | 68.28 | NOTE | |
r-release-linux-x86_64 | 1.4.0 | 38.16 | 35.41 | 73.57 | NOTE | |
r-release-macos-arm64 | 1.4.0 | 28.00 | NOTE | |||
r-release-macos-x86_64 | 1.4.0 | 44.00 | NOTE | |||
r-release-windows-x86_64 | 1.4.0 | 34.00 | 77.00 | 111.00 | NOTE | |
r-oldrel-macos-arm64 | 1.4.0 | 27.00 | OK | |||
r-oldrel-windows-x86_64 | 1.4.0 | 33.00 | 74.00 | 107.00 | OK |
Version: 1.4.0
Check: C++ specification
Result: NOTE
Specified C++11: please drop specification unless essential
Flavors: r-devel-linux-x86_64-debian-clang, r-devel-linux-x86_64-debian-gcc, r-devel-linux-x86_64-fedora-clang, r-devel-linux-x86_64-fedora-gcc, r-devel-windows-x86_64, r-patched-linux-x86_64, r-release-linux-x86_64, r-release-macos-arm64, r-release-macos-x86_64, r-release-windows-x86_64