Last updated on 2025-11-02 23:49:52 CET.
| Flavor | Version | Tinstall | Tcheck | Ttotal | Status | Flags |
|---|---|---|---|---|---|---|
| r-devel-linux-x86_64-debian-clang | 1.5.5 | 25.95 | 204.44 | 230.39 | OK | |
| r-devel-linux-x86_64-debian-gcc | 1.5.5 | 19.27 | 146.42 | 165.69 | OK | |
| r-devel-linux-x86_64-fedora-clang | 1.5.5 | 142.00 | 236.59 | 378.59 | OK | |
| r-devel-linux-x86_64-fedora-gcc | 1.5.5 | 150.00 | 220.89 | 370.89 | OK | |
| r-devel-windows-x86_64 | 1.5.5 | 29.00 | 201.00 | 230.00 | OK | |
| r-patched-linux-x86_64 | 1.5.5 | 27.73 | 192.97 | 220.70 | OK | |
| r-release-linux-x86_64 | 1.5.5 | 24.57 | 194.61 | 219.18 | OK | |
| r-release-macos-arm64 | 1.5.5 | 11.00 | 69.00 | 80.00 | OK | |
| r-release-macos-x86_64 | 1.5.5 | 22.00 | 162.00 | 184.00 | OK | |
| r-release-windows-x86_64 | 1.5.5 | 27.00 | 201.00 | 228.00 | OK | |
| r-oldrel-macos-arm64 | 1.5.5 | 11.00 | 75.00 | 86.00 | OK | |
| r-oldrel-macos-x86_64 | 1.5.5 | 32.00 | 157.00 | 189.00 | NOTE | |
| r-oldrel-windows-x86_64 | 1.5.5 | 37.00 | 262.00 | 299.00 | OK |
Version: 1.5.5
Check: installed package size
Result: NOTE
installed size is 5.1Mb
sub-directories of 1Mb or more:
ShinyItemAnalysis 2.3Mb
data 2.0Mb
Flavor: r-oldrel-macos-x86_64