Last updated on 2025-02-06 19:49:35 CET.
Flavor | Version | Tinstall | Tcheck | Ttotal | Status | Flags |
---|---|---|---|---|---|---|
r-devel-linux-x86_64-debian-clang | 1.0.0 | 4.90 | 18.56 | 23.46 | OK | |
r-devel-linux-x86_64-debian-gcc | 1.0.0 | 4.16 | 15.51 | 19.67 | OK | |
r-devel-linux-x86_64-fedora-clang | 1.0.0 | 37.34 | OK | |||
r-devel-linux-x86_64-fedora-gcc | 1.0.0 | 37.35 | OK | |||
r-devel-windows-x86_64 | 1.0.0 | 9.00 | 38.00 | 47.00 | OK | |
r-patched-linux-x86_64 | 1.0.0 | 5.53 | 17.61 | 23.14 | NOTE | |
r-release-linux-x86_64 | 1.0.0 | 4.91 | 17.48 | 22.39 | NOTE | |
r-release-macos-arm64 | 1.0.0 | 15.00 | NOTE | |||
r-release-macos-x86_64 | 1.0.0 | 20.00 | NOTE | |||
r-release-windows-x86_64 | 1.0.0 | 9.00 | 38.00 | 47.00 | NOTE | |
r-oldrel-macos-arm64 | 1.0.0 | 19.00 | NOTE | |||
r-oldrel-macos-x86_64 | 1.0.0 | 22.00 | NOTE | |||
r-oldrel-windows-x86_64 | 1.0.0 | 12.00 | 37.00 | 49.00 | NOTE |
Version: 1.0.0
Check: LazyData
Result: NOTE
'LazyData' is specified without a 'data' directory
Flavors: r-patched-linux-x86_64, r-release-linux-x86_64, r-release-macos-arm64, r-release-macos-x86_64, r-release-windows-x86_64, r-oldrel-macos-arm64, r-oldrel-macos-x86_64, r-oldrel-windows-x86_64