Last updated on 2024-04-22 20:53:50 CEST.
Flavor | Version | Tinstall | Tcheck | Ttotal | Status | Flags |
---|---|---|---|---|---|---|
r-devel-linux-x86_64-debian-clang | 5.0.1 | 64.75 | 230.46 | 295.21 | NOTE | |
r-devel-linux-x86_64-debian-gcc | 5.0.1 | 48.46 | 174.06 | 222.52 | NOTE | |
r-devel-linux-x86_64-fedora-clang | 5.0.1 | 423.55 | NOTE | |||
r-devel-linux-x86_64-fedora-gcc | 5.0.1 | 396.45 | NOTE | |||
r-prerel-macos-arm64 | 5.0.1 | 95.00 | NOTE | |||
r-prerel-windows-x86_64 | 5.0.1 | 55.00 | 257.00 | 312.00 | NOTE | |
r-patched-linux-x86_64 | 5.0.1 | 67.06 | 229.59 | 296.65 | NOTE | |
r-release-linux-x86_64 | 5.0.1 | 69.01 | 231.88 | 300.89 | NOTE | |
r-release-macos-arm64 | 5.0.1 | 94.00 | NOTE | |||
r-release-macos-x86_64 | 5.0.1 | 338.00 | NOTE | |||
r-release-windows-x86_64 | 5.0.1 | 75.00 | 320.00 | 395.00 | NOTE | |
r-oldrel-macos-arm64 | 5.0.1 | 88.00 | NOTE | |||
r-oldrel-windows-x86_64 | 5.0.1 | 69.00 | 249.00 | 318.00 | NOTE |
Version: 5.0.1
Check: package dependencies
Result: NOTE
Packages suggested but not available for checking:
'DelayedArray', 'HDF5Array', 'BPCells'
Flavor: r-devel-linux-x86_64-debian-clang
Version: 5.0.1
Check: package dependencies
Result: NOTE
Package suggested but not available for checking: ‘BPCells’
Flavors: r-devel-linux-x86_64-debian-gcc, r-devel-linux-x86_64-fedora-clang, r-devel-linux-x86_64-fedora-gcc, r-prerel-macos-arm64, r-prerel-windows-x86_64, r-patched-linux-x86_64, r-release-linux-x86_64, r-release-windows-x86_64, r-oldrel-macos-arm64, r-oldrel-windows-x86_64
Version: 5.0.1
Check: Rd cross-references
Result: NOTE
Undeclared packages ‘plotly’, ‘cli’ in Rd xrefs
Flavor: r-devel-linux-x86_64-fedora-clang
Version: 5.0.1
Check: package dependencies
Result: NOTE
Packages suggested but not available for checking: 'HDF5Array', 'BPCells'
Flavors: r-release-macos-arm64, r-release-macos-x86_64