Last updated on 2025-02-05 20:49:25 CET.
Flavor | Version | Tinstall | Tcheck | Ttotal | Status | Flags |
---|---|---|---|---|---|---|
r-devel-linux-x86_64-debian-clang | 1.0 | 1.95 | 18.46 | 20.41 | OK | |
r-devel-linux-x86_64-debian-gcc | 1.0 | 1.34 | 14.85 | 16.19 | OK | |
r-devel-linux-x86_64-fedora-clang | 1.0 | 33.48 | OK | |||
r-devel-linux-x86_64-fedora-gcc | 1.0 | 31.43 | OK | |||
r-devel-windows-x86_64 | 1.0 | 3.00 | 42.00 | 45.00 | OK | |
r-patched-linux-x86_64 | 1.0 | 1.33 | 17.75 | 19.08 | NOTE | |
r-release-linux-x86_64 | 1.0 | 1.87 | 18.14 | 20.01 | NOTE | |
r-release-macos-arm64 | 1.0 | 17.00 | NOTE | |||
r-release-macos-x86_64 | 1.0 | 22.00 | NOTE | |||
r-release-windows-x86_64 | 1.0 | 2.00 | 42.00 | 44.00 | NOTE | |
r-oldrel-macos-arm64 | 1.0 | 17.00 | NOTE | |||
r-oldrel-macos-x86_64 | 1.0 | 21.00 | NOTE | |||
r-oldrel-windows-x86_64 | 1.0 | 2.00 | 41.00 | 43.00 | NOTE |
Version: 1.0
Check: LazyData
Result: NOTE
'LazyData' is specified without a 'data' directory
Flavors: r-patched-linux-x86_64, r-release-linux-x86_64, r-release-macos-arm64, r-release-macos-x86_64, r-release-windows-x86_64, r-oldrel-macos-arm64, r-oldrel-macos-x86_64, r-oldrel-windows-x86_64