Last updated on 2024-03-28 19:48:45 CET.
Flavor | Version | Tinstall | Tcheck | Ttotal | Status | Flags |
---|---|---|---|---|---|---|
r-devel-linux-x86_64-debian-clang | 0.3.1 | 54.95 | 363.53 | 418.48 | NOTE | |
r-devel-linux-x86_64-debian-gcc | 0.3.1 | 41.12 | 258.46 | 299.58 | NOTE | |
r-devel-linux-x86_64-fedora-clang | 0.3.1 | 547.05 | NOTE | |||
r-devel-linux-x86_64-fedora-gcc | 0.3.1 | 514.57 | NOTE | |||
r-devel-windows-x86_64 | 0.3.1 | 31.00 | 217.00 | 248.00 | OK | |
r-patched-linux-x86_64 | 0.3.1 | 32.35 | 341.08 | 373.43 | NOTE | |
r-release-linux-x86_64 | 0.3.1 | 42.77 | 300.33 | 343.10 | NOTE | |
r-release-macos-arm64 | 0.3.1 | 126.00 | OK | |||
r-release-macos-x86_64 | 0.3.1 | 338.00 | OK | |||
r-release-windows-x86_64 | 0.3.1 | 42.00 | 264.00 | 306.00 | OK | |
r-oldrel-macos-arm64 | 0.3.1 | 11.00 | ERROR | |||
r-oldrel-windows-x86_64 | 0.3.1 | 40.00 | 263.00 | 303.00 | OK |
Version: 0.3.1
Check: for non-standard things in the check directory
Result: NOTE
Found the following files/directories:
‘assocpointpair_result.csv’ ‘foundereffectfinder_result.csv’
‘getfreqs_result.csv’ ‘getfreqs_result.png’ ‘orPlot.pdf1_1.pdf’
‘orPlot.pdf2_1.pdf’ ‘orPlot.pdf3_1.pdf’ ‘orPlot.pdf4_1.pdf’
‘orPlot.pdf5_1.pdf’ ‘orPlot.pdf6_1.pdf’ ‘orPlot.pdf7_1.pdf’
‘orPlot.pdf8_1.pdf’ ‘q-values_result.csv’ ‘rewritetuple_result.csv’
‘tartan_plot.pdf’ ‘vispair_plot.pdf’ ‘vispairfeat_plot.pdf’
‘volcano_plot.pdf’
Flavors: r-devel-linux-x86_64-debian-clang, r-devel-linux-x86_64-debian-gcc, r-devel-linux-x86_64-fedora-clang, r-devel-linux-x86_64-fedora-gcc, r-patched-linux-x86_64, r-release-linux-x86_64
Version: 0.3.1
Check: package dependencies
Result: ERROR
Package required but not available: ‘widgetTools’
See section ‘The DESCRIPTION file’ in the ‘Writing R Extensions’
manual.
Flavor: r-oldrel-macos-arm64