Last updated on 2023-06-05 21:59:19 CEST.
Flavor | Version | Tinstall | Tcheck | Ttotal | Status | Flags |
---|---|---|---|---|---|---|
r-devel-linux-x86_64-debian-clang | 0.3.1 | 43.58 | 313.90 | 357.48 | NOTE | |
r-devel-linux-x86_64-debian-gcc | 0.3.1 | 35.23 | 234.31 | 269.54 | NOTE | |
r-devel-linux-x86_64-fedora-clang | 0.3.1 | 452.17 | NOTE | |||
r-devel-linux-x86_64-fedora-gcc | 0.3.1 | 439.86 | NOTE | |||
r-devel-windows-x86_64 | 0.3.1 | 33.00 | 221.00 | 254.00 | OK | |
r-patched-linux-x86_64 | 0.3.1 | 27.69 | 300.08 | 327.77 | NOTE | |
r-release-linux-x86_64 | 0.3.1 | 39.03 | 295.90 | 334.93 | NOTE | |
r-release-macos-arm64 | 0.3.1 | 126.00 | OK | |||
r-release-macos-x86_64 | 0.3.1 | 338.00 | OK | |||
r-release-windows-x86_64 | 0.3.1 | 41.00 | 264.00 | 305.00 | OK | |
r-oldrel-macos-arm64 | 0.3.1 | 11.00 | ERROR | |||
r-oldrel-macos-x86_64 | 0.3.1 | 403.00 | OK | |||
r-oldrel-windows-x86_64 | 0.3.1 | 42.00 | 263.00 | 305.00 | OK |
Version: 0.3.1
Check: for non-standard things in the check directory
Result: NOTE
Found the following files/directories:
‘assocpointpair_result.csv’ ‘foundereffectfinder_result.csv’
‘getfreqs_result.csv’ ‘getfreqs_result.png’ ‘orPlot.pdf1_1.pdf’
‘orPlot.pdf2_1.pdf’ ‘orPlot.pdf3_1.pdf’ ‘orPlot.pdf4_1.pdf’
‘orPlot.pdf5_1.pdf’ ‘orPlot.pdf6_1.pdf’ ‘orPlot.pdf7_1.pdf’
‘orPlot.pdf8_1.pdf’ ‘q-values_result.csv’ ‘rewritetuple_result.csv’
‘tartan_plot.pdf’ ‘vispair_plot.pdf’ ‘vispairfeat_plot.pdf’
‘volcano_plot.pdf’
Flavors: r-devel-linux-x86_64-debian-clang, r-devel-linux-x86_64-debian-gcc, r-devel-linux-x86_64-fedora-clang, r-devel-linux-x86_64-fedora-gcc, r-patched-linux-x86_64, r-release-linux-x86_64
Version: 0.3.1
Check: package dependencies
Result: ERROR
Package required but not available: ‘widgetTools’
See section ‘The DESCRIPTION file’ in the ‘Writing R Extensions’
manual.
Flavor: r-oldrel-macos-arm64