Last updated on 2025-05-09 20:50:03 CEST.
Flavor | Version | Tinstall | Tcheck | Ttotal | Status | Flags |
---|---|---|---|---|---|---|
r-devel-linux-x86_64-debian-clang | 1.0 | 2.15 | 24.37 | 26.52 | NOTE | |
r-devel-linux-x86_64-debian-gcc | 1.0 | 1.58 | 18.33 | 19.91 | NOTE | |
r-devel-linux-x86_64-fedora-clang | 1.0 | 41.31 | OK | |||
r-devel-linux-x86_64-fedora-gcc | 1.0 | 39.30 | OK | |||
r-devel-windows-x86_64 | 1.0 | 3.00 | 44.00 | 47.00 | OK | |
r-patched-linux-x86_64 | 1.0 | 2.15 | 22.73 | 24.88 | OK | |
r-release-linux-x86_64 | 1.0 | 2.14 | 22.63 | 24.77 | OK | |
r-release-macos-arm64 | 1.0 | 17.00 | OK | |||
r-release-macos-x86_64 | 1.0 | 39.00 | OK | |||
r-release-windows-x86_64 | 1.0 | 3.00 | 46.00 | 49.00 | OK | |
r-oldrel-macos-arm64 | 1.0 | 15.00 | OK | |||
r-oldrel-macos-x86_64 | 1.0 | 32.00 | OK | |||
r-oldrel-windows-x86_64 | 1.0 | 3.00 | 44.00 | 47.00 | OK |
Version: 1.0
Check: CRAN incoming feasibility
Result: NOTE
Maintainer: ‘Xiaoshu Zhu <xiaoshuzhu@westat.com>’
No Authors@R field in DESCRIPTION.
Please add one, modifying
Authors@R: c(person(given = "Xiaoshu",
family = "Zhu",
role = c("aut", "cre"),
email = "xiaoshuzhu@westat.com"),
person(given = "Sharon",
family = "Lohr",
role = "aut"))
as necessary.
Flavors: r-devel-linux-x86_64-debian-clang, r-devel-linux-x86_64-debian-gcc