Last updated on 2024-07-17 20:57:11 CEST.
Flavor | Version | Tinstall | Tcheck | Ttotal | Status | Flags |
---|---|---|---|---|---|---|
r-devel-linux-x86_64-debian-clang | 1.27 | 21.28 | 196.47 | 217.75 | OK | |
r-devel-linux-x86_64-debian-gcc | 1.27 | 19.92 | 139.82 | 159.74 | OK | |
r-devel-linux-x86_64-fedora-clang | 1.27 | 279.94 | OK | |||
r-devel-linux-x86_64-fedora-gcc | 1.27 | 273.90 | OK | |||
r-devel-windows-x86_64 | 1.27 | 24.00 | 156.00 | 180.00 | NOTE | |
r-patched-linux-x86_64 | 1.27 | 33.00 | 187.36 | 220.36 | OK | |
r-release-linux-x86_64 | 1.27 | 26.21 | 182.50 | 208.71 | OK | |
r-release-macos-arm64 | 1.27 | 69.00 | OK | |||
r-release-macos-x86_64 | 1.27 | 111.00 | OK | |||
r-release-windows-x86_64 | 1.27 | 24.00 | 160.00 | 184.00 | OK | |
r-oldrel-macos-arm64 | 1.27 | 71.00 | OK | |||
r-oldrel-macos-x86_64 | 1.27 | 175.00 | OK | |||
r-oldrel-windows-x86_64 | 1.27 | 31.00 | 200.00 | 231.00 | OK |
Version: 1.27
Check: Rd cross-references
Result: NOTE
Found the following Rd file(s) with Rd \link{} targets missing package
anchors:
WordCountAna.Rd: textual, MFA
analyse_holos.Rd: MFA, FactoMineR, MCA, HMFA
Please provide package anchors for all Rd \link{} targets not in the
package itself and the base packages.
Flavor: r-devel-windows-x86_64