Last updated on 2025-05-07 20:49:57 CEST.
Flavor | Version | Tinstall | Tcheck | Ttotal | Status | Flags |
---|---|---|---|---|---|---|
r-devel-linux-x86_64-debian-clang | 1.27 | 19.78 | 157.22 | 177.00 | NOTE | |
r-devel-linux-x86_64-debian-gcc | 1.27 | 14.12 | 105.39 | 119.51 | NOTE | |
r-devel-linux-x86_64-fedora-clang | 1.27 | 309.84 | OK | |||
r-devel-linux-x86_64-fedora-gcc | 1.27 | 306.17 | OK | |||
r-devel-windows-x86_64 | 1.27 | 25.00 | 162.00 | 187.00 | NOTE | |
r-patched-linux-x86_64 | 1.27 | 20.15 | 148.42 | 168.57 | NOTE | |
r-release-linux-x86_64 | 1.27 | 21.16 | 148.05 | 169.21 | NOTE | |
r-release-macos-arm64 | 1.27 | 97.00 | OK | |||
r-release-macos-x86_64 | 1.27 | 132.00 | OK | |||
r-release-windows-x86_64 | 1.27 | 25.00 | 165.00 | 190.00 | NOTE | |
r-oldrel-macos-arm64 | 1.27 | 69.00 | OK | |||
r-oldrel-macos-x86_64 | 1.27 | 111.00 | OK | |||
r-oldrel-windows-x86_64 | 1.27 | 34.00 | 203.00 | 237.00 | OK |
Version: 1.27
Check: CRAN incoming feasibility
Result: NOTE
Maintainer: ‘Francois Husson <francois.husson@institut-agro.fr>’
No Authors@R field in DESCRIPTION.
Please add one, modifying
Authors@R: c(person(given = "Francois",
family = "Husson",
role = c("aut", "cre"),
email = "francois.husson@institut-agro.fr"),
person(given = "Sebastien",
family = "Le",
role = "aut"),
person(given = "Marine",
family = "Cadoret",
role = "aut"))
as necessary.
Flavors: r-devel-linux-x86_64-debian-clang, r-devel-linux-x86_64-debian-gcc
Version: 1.27
Check: Rd cross-references
Result: NOTE
Found the following Rd file(s) with Rd \link{} targets missing package
anchors:
WordCountAna.Rd: textual, MFA
analyse_holos.Rd: MFA, FactoMineR, MCA, HMFA
Please provide package anchors for all Rd \link{} targets not in the
package itself and the base packages.
Flavors: r-devel-linux-x86_64-debian-clang, r-devel-linux-x86_64-debian-gcc, r-devel-windows-x86_64, r-patched-linux-x86_64, r-release-linux-x86_64, r-release-windows-x86_64