Last updated on 2025-05-09 20:50:03 CEST.
Flavor | Version | Tinstall | Tcheck | Ttotal | Status | Flags |
---|---|---|---|---|---|---|
r-devel-linux-x86_64-debian-clang | 2.2 | 2.06 | 20.84 | 22.90 | NOTE | |
r-devel-linux-x86_64-debian-gcc | 2.2 | 1.44 | 16.63 | 18.07 | NOTE | |
r-devel-linux-x86_64-fedora-clang | 2.2 | 35.50 | OK | |||
r-devel-linux-x86_64-fedora-gcc | 2.2 | 33.05 | OK | |||
r-devel-windows-x86_64 | 2.2 | 3.00 | 42.00 | 45.00 | OK | |
r-patched-linux-x86_64 | 2.2 | 1.92 | 19.93 | 21.85 | OK | |
r-release-linux-x86_64 | 2.2 | 1.89 | 19.54 | 21.43 | OK | |
r-release-macos-arm64 | 2.2 | 17.00 | OK | |||
r-release-macos-x86_64 | 2.2 | 26.00 | OK | |||
r-release-windows-x86_64 | 2.2 | 3.00 | 41.00 | 44.00 | OK | |
r-oldrel-macos-arm64 | 2.2 | 16.00 | OK | |||
r-oldrel-macos-x86_64 | 2.2 | 22.00 | OK | |||
r-oldrel-windows-x86_64 | 2.2 | 3.00 | 40.00 | 43.00 | OK |
Version: 2.2
Check: CRAN incoming feasibility
Result: NOTE
Maintainer: ‘Dylan Small <dsmall@wharton.upenn.edu>’
No Authors@R field in DESCRIPTION.
Please add one, modifying
Authors@R: person(given = "Dylan",
family = "Small",
role = c("aut", "cre"),
email = "dsmall@wharton.upenn.edu")
as necessary.
Flavors: r-devel-linux-x86_64-debian-clang, r-devel-linux-x86_64-debian-gcc