CRAN Package Check Results for Package SemiPar

Last updated on 2025-05-03 21:51:32 CEST.

Flavor Version Tinstall Tcheck Ttotal Status Flags
r-devel-linux-x86_64-debian-clang 1.0-4.2 5.87 48.15 54.02 NOTE
r-devel-linux-x86_64-debian-gcc 1.0-4.2 4.05 35.84 39.89 NOTE
r-devel-linux-x86_64-fedora-clang 1.0-4.2 82.69 OK
r-devel-linux-x86_64-fedora-gcc 1.0-4.2 78.09 OK
r-devel-windows-x86_64 1.0-4.2 7.00 72.00 79.00 NOTE
r-patched-linux-x86_64 1.0-4.2 6.30 45.55 51.85 NOTE
r-release-linux-x86_64 NOTE
r-release-macos-arm64 1.0-4.2 32.00 OK
r-release-macos-x86_64 1.0-4.2 48.00 OK
r-release-windows-x86_64 1.0-4.2 6.00 71.00 77.00 NOTE
r-oldrel-macos-arm64 1.0-4.2 29.00 OK
r-oldrel-macos-x86_64 1.0-4.2 40.00 OK
r-oldrel-windows-x86_64 1.0-4.2 9.00 80.00 89.00 OK

Check Details

Version: 1.0-4.2
Check: CRAN incoming feasibility
Result: NOTE Maintainer: ‘Billy Aung Myint <r@use-r.com>’ No Authors@R field in DESCRIPTION. Please add one, modifying Authors@R: c(person(given = "Matt", family = "Wand", role = "aut", email = "mwand@uts.edu.au"), person(given = c("Billy", "Aung"), family = "Myint", role = "cre", email = "r@use-r.com")) as necessary. Found the following (possibly) invalid file URIs: URI: http//stat.tamu.edu/~carroll/semiregbook/ From: man/monitor.mercury.Rd URI: http//stat.tamu.edu/~carroll/semiregbook/ From: man/salinity.Rd URI: http//stat.tamu.edu/~carroll/semiregbook/ From: man/term.structure.Rd Flavors: r-devel-linux-x86_64-debian-clang, r-devel-linux-x86_64-debian-gcc

Version: 1.0-4.2
Check: Rd cross-references
Result: NOTE Found the following Rd file(s) with Rd \link{} targets missing package anchors: spm.Rd: gam, lme, glmmPQL Please provide package anchors for all Rd \link{} targets not in the package itself and the base packages. Flavors: r-devel-linux-x86_64-debian-clang, r-devel-linux-x86_64-debian-gcc, r-devel-windows-x86_64, r-patched-linux-x86_64, r-release-linux-x86_64, r-release-windows-x86_64