Last updated on 2024-04-23 20:52:18 CEST.
Flavor | Version | Tinstall | Tcheck | Ttotal | Status | Flags |
---|---|---|---|---|---|---|
r-devel-linux-x86_64-debian-clang | 1.4 | 2.35 | 38.26 | 40.61 | OK | |
r-devel-linux-x86_64-debian-gcc | 1.4 | 1.97 | 29.29 | 31.26 | OK | |
r-devel-linux-x86_64-fedora-clang | 1.4 | 52.37 | NOTE | |||
r-devel-linux-x86_64-fedora-gcc | 1.4 | 62.10 | NOTE | |||
r-prerel-macos-arm64 | 1.4 | 26.00 | OK | |||
r-prerel-windows-x86_64 | 1.4 | 4.00 | 51.00 | 55.00 | OK | |
r-patched-linux-x86_64 | 1.4 | 2.54 | 36.10 | 38.64 | OK | |
r-release-linux-x86_64 | 1.4 | 2.55 | 34.73 | 37.28 | OK | |
r-release-macos-arm64 | 1.4 | 29.00 | OK | |||
r-release-macos-x86_64 | 1.4 | 34.00 | OK | |||
r-release-windows-x86_64 | 1.4 | 4.00 | 51.00 | 55.00 | OK | |
r-oldrel-macos-arm64 | 1.4 | 21.00 | NOTE | |||
r-oldrel-windows-x86_64 | 1.4 | 4.00 | 56.00 | 60.00 | OK |
Version: 1.4
Check: dependencies in R code
Result: NOTE
Namespace in Imports field not imported from: ‘FD’
All declared Imports should be used.
Flavors: r-devel-linux-x86_64-fedora-clang, r-devel-linux-x86_64-fedora-gcc, r-oldrel-macos-arm64