Last updated on 2025-04-14 21:50:58 CEST.
Flavor | Version | Tinstall | Tcheck | Ttotal | Status | Flags |
---|---|---|---|---|---|---|
r-devel-linux-x86_64-debian-clang | 0.0.3 | 12.01 | 73.42 | 85.43 | OK | |
r-devel-linux-x86_64-debian-gcc | 0.0.3 | 8.93 | 51.57 | 60.50 | OK | |
r-devel-linux-x86_64-fedora-clang | 0.0.3 | 135.85 | OK | |||
r-devel-linux-x86_64-fedora-gcc | 0.0.3 | 131.15 | OK | |||
r-devel-windows-x86_64 | 0.0.3 | 12.00 | 83.00 | 95.00 | OK | |
r-patched-linux-x86_64 | 0.0.3 | 11.79 | 70.18 | 81.97 | OK | |
r-release-linux-x86_64 | 0.0.3 | 10.85 | 68.67 | 79.52 | OK | |
r-release-macos-arm64 | 0.0.3 | 37.00 | OK | |||
r-release-macos-x86_64 | 0.0.3 | 72.00 | OK | |||
r-release-windows-x86_64 | 0.0.3 | 12.00 | 81.00 | 93.00 | OK | |
r-oldrel-macos-arm64 | 0.0.3 | 37.00 | NOTE | |||
r-oldrel-macos-x86_64 | 0.0.3 | 59.00 | NOTE | |||
r-oldrel-windows-x86_64 | 0.0.3 | 15.00 | 98.00 | 113.00 | NOTE |
Version: 0.0.3
Check: LazyData
Result: NOTE
'LazyData' is specified without a 'data' directory
Flavors: r-oldrel-macos-arm64, r-oldrel-macos-x86_64, r-oldrel-windows-x86_64