Last updated on 2025-05-09 20:50:02 CEST.
Flavor | Version | Tinstall | Tcheck | Ttotal | Status | Flags |
---|---|---|---|---|---|---|
r-devel-linux-x86_64-debian-clang | 0.1.1 | 2.51 | 23.20 | 25.71 | NOTE | |
r-devel-linux-x86_64-debian-gcc | 0.1.1 | 1.88 | 17.57 | 19.45 | NOTE | |
r-devel-linux-x86_64-fedora-clang | 0.1.1 | 38.76 | OK | |||
r-devel-linux-x86_64-fedora-gcc | 0.1.1 | 36.94 | OK | |||
r-devel-windows-x86_64 | 0.1.1 | 4.00 | 42.00 | 46.00 | OK | |
r-patched-linux-x86_64 | 0.1.1 | 2.59 | 21.98 | 24.57 | OK | |
r-release-linux-x86_64 | 0.1.1 | 2.39 | 21.55 | 23.94 | OK | |
r-release-macos-arm64 | 0.1.1 | 25.00 | OK | |||
r-release-macos-x86_64 | 0.1.1 | 27.00 | OK | |||
r-release-windows-x86_64 | 0.1.1 | 3.00 | 45.00 | 48.00 | OK | |
r-oldrel-macos-arm64 | 0.1.1 | 16.00 | OK | |||
r-oldrel-macos-x86_64 | 0.1.1 | 29.00 | OK | |||
r-oldrel-windows-x86_64 | 0.1.1 | 4.00 | 47.00 | 51.00 | OK |
Version: 0.1.1
Check: CRAN incoming feasibility
Result: NOTE
Maintainer: ‘Wenlong Ren <wenlongren@ntu.edu.cn>’
No Authors@R field in DESCRIPTION.
Please add one, modifying
Authors@R: person(given = "Wenlong",
family = "Ren",
role = c("aut", "cre"),
email = "wenlongren@ntu.edu.cn")
as necessary.
Flavors: r-devel-linux-x86_64-debian-clang, r-devel-linux-x86_64-debian-gcc