Last updated on 2025-11-22 19:50:42 CET.
| Flavor | Version | Tinstall | Tcheck | Ttotal | Status | Flags |
|---|---|---|---|---|---|---|
| r-devel-linux-x86_64-debian-clang | 0.1.0 | 5.66 | 51.90 | 57.56 | NOTE | |
| r-devel-linux-x86_64-debian-gcc | 0.1.0 | 3.94 | 39.27 | 43.21 | NOTE | |
| r-devel-linux-x86_64-fedora-clang | 0.1.0 | 13.00 | 73.29 | 86.29 | NOTE | |
| r-devel-windows-x86_64 | 0.1.0 | 10.00 | 66.00 | 76.00 | OK | |
| r-patched-linux-x86_64 | 0.1.0 | 5.01 | 47.73 | 52.74 | OK | |
| r-release-linux-x86_64 | 0.1.0 | 4.43 | 48.21 | 52.64 | OK | |
| r-release-macos-arm64 | 0.1.0 | OK | ||||
| r-release-macos-x86_64 | 0.1.0 | 8.00 | 49.00 | 57.00 | OK | |
| r-release-windows-x86_64 | 0.1.0 | 8.00 | 66.00 | 74.00 | OK | |
| r-oldrel-macos-arm64 | 0.1.0 | NOTE | ||||
| r-oldrel-macos-x86_64 | 0.1.0 | 8.00 | 59.00 | 67.00 | NOTE | |
| r-oldrel-windows-x86_64 | 0.1.0 | 10.00 | 80.00 | 90.00 | NOTE |
Version: 0.1.0
Check: CRAN incoming feasibility
Result: NOTE
Maintainer: ‘Robert Myles McDonnell <robertmylesmcdonnell@gmail.com>’
No Authors@R field in DESCRIPTION.
Please add one, modifying
Authors@R: person(given = c("Robert", "Myles"),
family = "McDonnell",
role = c("aut", "cre"),
email = "robertmylesmcdonnell@gmail.com")
as necessary.
Flavors: r-devel-linux-x86_64-debian-clang, r-devel-linux-x86_64-debian-gcc
Version: 0.1.0
Check: dependencies in R code
Result: NOTE
Namespace in Imports field not imported from: ‘tibble’
All declared Imports should be used.
Flavor: r-devel-linux-x86_64-fedora-clang
Version: 0.1.0
Check: LazyData
Result: NOTE
'LazyData' is specified without a 'data' directory
Flavors: r-oldrel-macos-arm64, r-oldrel-macos-x86_64, r-oldrel-windows-x86_64