Last updated on 2024-04-23 20:52:20 CEST.
Flavor | Version | Tinstall | Tcheck | Ttotal | Status | Flags |
---|---|---|---|---|---|---|
r-devel-linux-x86_64-debian-clang | 0.5.8 | 39.57 | 440.74 | 480.31 | NOTE | |
r-devel-linux-x86_64-debian-gcc | 0.5.8 | 39.11 | 326.75 | 365.86 | NOTE | |
r-devel-linux-x86_64-fedora-clang | 0.5.8 | 660.94 | NOTE | |||
r-devel-linux-x86_64-fedora-gcc | 0.5.8 | 608.55 | NOTE | |||
r-prerel-macos-arm64 | 0.5.8 | 154.00 | NOTE | |||
r-prerel-macos-x86_64 | 0.5.8 | 310.00 | NOTE | |||
r-prerel-windows-x86_64 | 0.5.8 | 42.00 | 309.00 | 351.00 | NOTE | |
r-patched-linux-x86_64 | 0.5.8 | 38.16 | 422.38 | 460.54 | NOTE | |
r-release-linux-x86_64 | 0.5.8 | 33.00 | 440.49 | 473.49 | NOTE | |
r-release-macos-arm64 | 0.5.8 | 161.00 | NOTE | |||
r-release-macos-x86_64 | 0.5.8 | 259.00 | NOTE | |||
r-release-windows-x86_64 | 0.5.8 | 63.00 | 416.00 | 479.00 | NOTE | |
r-oldrel-macos-arm64 | 0.5.8 | 142.00 | NOTE | |||
r-oldrel-windows-x86_64 | 0.5.8 | 55.00 | 360.00 | 415.00 | NOTE |
Version: 0.5.8
Check: package dependencies
Result: NOTE
Package suggested but not available for checking: ‘STRaitRazoR’
Flavors: r-devel-linux-x86_64-debian-clang, r-devel-linux-x86_64-debian-gcc, r-devel-linux-x86_64-fedora-clang, r-devel-linux-x86_64-fedora-gcc, r-prerel-macos-arm64, r-prerel-macos-x86_64, r-prerel-windows-x86_64, r-patched-linux-x86_64, r-release-linux-x86_64, r-release-macos-arm64, r-release-macos-x86_64, r-release-windows-x86_64, r-oldrel-macos-arm64, r-oldrel-windows-x86_64