Last updated on 2025-05-06 20:50:55 CEST.
Flavor | Version | Tinstall | Tcheck | Ttotal | Status | Flags |
---|---|---|---|---|---|---|
r-devel-linux-x86_64-debian-clang | 1.3-8 | 19.67 | 33.73 | 53.40 | NOTE | |
r-devel-linux-x86_64-debian-gcc | 1.3-8 | 12.46 | 26.18 | 38.64 | NOTE | |
r-devel-linux-x86_64-fedora-clang | 1.3-8 | 93.06 | OK | |||
r-devel-linux-x86_64-fedora-gcc | 1.3-8 | 85.34 | OK | |||
r-devel-windows-x86_64 | 1.3-8 | 25.00 | 70.00 | 95.00 | OK | |
r-patched-linux-x86_64 | 1.3-8 | 17.65 | 31.72 | 49.37 | OK | |
r-release-linux-x86_64 | 1.3-8 | 16.34 | 31.51 | 47.85 | OK | |
r-release-macos-arm64 | 1.3-8 | 29.00 | OK | |||
r-release-macos-x86_64 | 1.3-8 | 44.00 | OK | |||
r-release-windows-x86_64 | 1.3-8 | 24.00 | 66.00 | 90.00 | OK | |
r-oldrel-macos-arm64 | 1.3-8 | 27.00 | OK | |||
r-oldrel-macos-x86_64 | 1.3-8 | 48.00 | OK | |||
r-oldrel-windows-x86_64 | 1.3-8 | 28.00 | 79.00 | 107.00 | OK |
Version: 1.3-8
Check: CRAN incoming feasibility
Result: NOTE
Maintainer: ‘Alexander Robitzsch <robitzsch@ipn.uni-kiel.de>’
No Authors@R field in DESCRIPTION.
Please add one, modifying
Authors@R: c(person(given = "Alexander",
family = "Robitzsch",
role = c("aut", "cre"),
email = "robitzsch@ipn.uni-kiel.de",
comment = c(ORCID = "0000-0002-8226-3132")),
person(given = "Oliver",
family = "Luedtke",
role = "aut",
comment = c(ORCID = "0000-0001-9744-3059")))
as necessary.
Package CITATION file contains call(s) to old-style personList() or
as.personList(). Please use c() on person objects instead.
Package CITATION file contains call(s) to old-style citEntry(). Please
use bibentry() instead.
Flavors: r-devel-linux-x86_64-debian-clang, r-devel-linux-x86_64-debian-gcc