Last updated on 2023-06-07 21:01:34 CEST.
Flavor | Version | Tinstall | Tcheck | Ttotal | Status | Flags |
---|---|---|---|---|---|---|
r-devel-linux-x86_64-debian-clang | 0.99.6 | 32.11 | 306.55 | 338.66 | OK | |
r-devel-linux-x86_64-debian-gcc | 0.99.6 | 22.51 | 221.68 | 244.19 | OK | |
r-devel-linux-x86_64-fedora-clang | 0.99.6 | 403.11 | NOTE | |||
r-devel-linux-x86_64-fedora-gcc | 0.99.6 | 393.53 | OK | |||
r-devel-windows-x86_64 | 0.99.6 | 26.00 | 216.00 | 242.00 | OK | |
r-patched-linux-x86_64 | 0.99.6 | 23.24 | 284.04 | 307.28 | OK | |
r-release-linux-x86_64 | 0.99.6 | 28.50 | 285.11 | 313.61 | OK | |
r-release-macos-arm64 | 0.99.6 | 120.00 | OK | |||
r-release-macos-x86_64 | 0.99.6 | 212.00 | OK | |||
r-release-windows-x86_64 | 0.99.6 | 31.00 | 285.00 | 316.00 | OK | |
r-oldrel-macos-arm64 | 0.99.6 | 84.00 | OK | |||
r-oldrel-macos-x86_64 | 0.99.6 | 143.00 | OK | |||
r-oldrel-windows-x86_64 | 0.99.6 | 32.00 | 292.00 | 324.00 | OK |
Version: 0.99.6
Check: package dependencies
Result: NOTE
Imports includes 22 non-default packages.
Importing from so many packages makes the package vulnerable to any of
them becoming unavailable. Move as many as possible to Suggests and
use conditionally.
Flavor: r-devel-linux-x86_64-fedora-clang