Last updated on 2023-01-30 20:55:59 CET.
Flavor | Version | Tinstall | Tcheck | Ttotal | Status | Flags |
---|---|---|---|---|---|---|
r-devel-linux-x86_64-debian-clang | 0.1.0 | 47.88 | 79.05 | 126.93 | OK | |
r-devel-linux-x86_64-debian-gcc | 0.1.0 | 36.11 | 59.03 | 95.14 | NOTE | |
r-devel-linux-x86_64-fedora-clang | 0.1.0 | 170.14 | NOTE | |||
r-devel-linux-x86_64-fedora-gcc | 0.1.0 | 157.08 | NOTE | |||
r-devel-windows-x86_64 | 0.1.0 | 58.00 | 134.00 | 192.00 | NOTE | |
r-patched-linux-x86_64 | 0.1.0 | 37.96 | 74.67 | 112.63 | OK | |
r-release-linux-x86_64 | 0.1.0 | 42.14 | 76.09 | 118.23 | OK | |
r-release-macos-arm64 | 0.1.0 | 46.00 | NOTE | |||
r-release-macos-x86_64 | 0.1.0 | 64.00 | NOTE | |||
r-release-windows-x86_64 | 0.1.0 | 62.00 | 135.00 | 197.00 | OK | |
r-oldrel-macos-arm64 | 0.1.0 | 45.00 | NOTE | |||
r-oldrel-macos-x86_64 | 0.1.0 | 58.00 | NOTE | |||
r-oldrel-windows-ix86+x86_64 | 0.1.0 | 108.00 | 143.00 | 251.00 | OK |
Version: 0.1.0
Check: C++ specification
Result: NOTE
Specified C++11: please update to current default of C++17
Flavors: r-devel-linux-x86_64-debian-gcc, r-devel-linux-x86_64-fedora-clang, r-devel-linux-x86_64-fedora-gcc, r-devel-windows-x86_64
Version: 0.1.0
Check: dependencies in R code
Result: NOTE
Namespaces in Imports field not imported from:
‘Rcpp’ ‘progress’
All declared Imports should be used.
Flavors: r-devel-linux-x86_64-fedora-clang, r-devel-linux-x86_64-fedora-gcc, r-release-macos-arm64, r-release-macos-x86_64, r-oldrel-macos-arm64, r-oldrel-macos-x86_64