Last updated on 2024-04-22 20:53:51 CEST.
Flavor | Version | Tinstall | Tcheck | Ttotal | Status | Flags |
---|---|---|---|---|---|---|
r-devel-linux-x86_64-debian-clang | 0.1.0 | 7.69 | 79.80 | 87.49 | NOTE | |
r-devel-linux-x86_64-debian-gcc | 0.1.0 | 6.72 | 59.38 | 66.10 | NOTE | |
r-devel-linux-x86_64-fedora-clang | 0.1.0 | 110.25 | NOTE | |||
r-devel-linux-x86_64-fedora-gcc | 0.1.0 | 105.51 | NOTE | |||
r-prerel-macos-arm64 | 0.1.0 | 36.00 | NOTE | |||
r-prerel-windows-x86_64 | 0.1.0 | 7.00 | 72.00 | 79.00 | NOTE | |
r-patched-linux-x86_64 | 0.1.0 | 6.25 | 77.50 | 83.75 | NOTE | |
r-release-linux-x86_64 | 0.1.0 | 9.88 | 77.25 | 87.13 | NOTE | |
r-release-macos-arm64 | 0.1.0 | 37.00 | NOTE | |||
r-release-macos-x86_64 | 0.1.0 | 58.00 | NOTE | |||
r-release-windows-x86_64 | 0.1.0 | 11.00 | 88.00 | 99.00 | NOTE | |
r-oldrel-macos-arm64 | 0.1.0 | 34.00 | NOTE | |||
r-oldrel-windows-x86_64 | 0.1.0 | 12.00 | 97.00 | 109.00 | NOTE |
Version: 0.1.0
Check: LazyData
Result: NOTE
'LazyData' is specified without a 'data' directory
Flavors: r-devel-linux-x86_64-debian-clang, r-devel-linux-x86_64-debian-gcc, r-devel-linux-x86_64-fedora-clang, r-devel-linux-x86_64-fedora-gcc, r-prerel-macos-arm64, r-prerel-windows-x86_64, r-patched-linux-x86_64, r-release-linux-x86_64, r-release-macos-arm64, r-release-macos-x86_64, r-release-windows-x86_64, r-oldrel-macos-arm64, r-oldrel-windows-x86_64