Last updated on 2023-01-30 20:55:59 CET.
Flavor | Version | Tinstall | Tcheck | Ttotal | Status | Flags |
---|---|---|---|---|---|---|
r-devel-linux-x86_64-debian-clang | 1.2.0 | 27.56 | 614.04 | 641.60 | OK | |
r-devel-linux-x86_64-debian-gcc | 1.2.0 | 23.28 | 502.15 | 525.43 | OK | |
r-devel-linux-x86_64-fedora-clang | 1.2.0 | 794.55 | NOTE | |||
r-devel-linux-x86_64-fedora-gcc | 1.2.0 | 872.28 | NOTE | |||
r-devel-windows-x86_64 | 1.2.0 | 49.00 | 791.00 | 840.00 | OK | |
r-patched-linux-x86_64 | 1.2.0 | 28.03 | 674.99 | 703.02 | OK | |
r-release-linux-x86_64 | 1.2.0 | 20.58 | 654.51 | 675.09 | OK | |
r-release-macos-arm64 | 1.2.0 | 292.00 | NOTE | |||
r-release-macos-x86_64 | 1.2.0 | 337.00 | NOTE | |||
r-release-windows-x86_64 | 1.2.0 | 41.00 | 781.00 | 822.00 | OK | |
r-oldrel-macos-arm64 | 1.2.0 | 295.00 | NOTE | |||
r-oldrel-macos-x86_64 | 1.2.0 | 342.00 | NOTE | |||
r-oldrel-windows-ix86+x86_64 | 1.2.0 | 71.00 | 910.00 | 981.00 | OK |
Version: 1.2.0
Check: dependencies in R code
Result: NOTE
Namespaces in Imports field not imported from:
‘future’ ‘geosphere’ ‘lubridate’ ‘tidyverse’ ‘viridis’
All declared Imports should be used.
Flavors: r-devel-linux-x86_64-fedora-clang, r-devel-linux-x86_64-fedora-gcc, r-release-macos-arm64, r-release-macos-x86_64, r-oldrel-macos-arm64, r-oldrel-macos-x86_64